{"id":778,"date":"2018-01-15T12:43:36","date_gmt":"2018-01-15T11:43:36","guid":{"rendered":"https:\/\/ssad.statistics.sk\/SSaD\/index.php\/slovak-statistics-and-demography-1-2018\/"},"modified":"2024-10-15T13:00:52","modified_gmt":"2024-10-15T11:00:52","slug":"slovak-statistics-and-demography-1-2018","status":"publish","type":"page","link":"https:\/\/ssad.statistics.sk\/SSaD\/index.php\/slovak-statistics-and-demography-1-2018\/?lang=en","title":{"rendered":"Slovak Statistics and Demography 1\/2018"},"content":{"rendered":"<section class=\"l-section wpb_row padding-top-journal height_auto\"><div class=\"l-section-h i-cf\"><div class=\"g-cols vc_row via_flex valign_top type_default stacking_default\"><div class=\"vc_col-sm-12 wpb_column vc_column_container\"><div class=\"vc_column-inner\"><div class=\"wpb_wrapper\"><div class=\"wpb_text_column\"><div class=\"wpb_wrapper\"><h1>Slovak Statistics and Demography 1\/2018<\/h1>\n<\/div><\/div><\/div><\/div><\/div><\/div><\/div><\/section><section class=\"l-section wpb_row us_custom_18c73a72 height_auto\"><div class=\"l-section-h i-cf\"><div class=\"g-cols vc_row via_flex valign_top type_default stacking_default\"><div class=\"vc_col-sm-2 wpb_column vc_column_container\"><div class=\"vc_column-inner\"><div class=\"wpb_wrapper\"><div class=\"w-image style_outlined align_none\"><div class=\"w-image-h\"><img loading=\"lazy\" decoding=\"async\" width=\"142\" height=\"190\" src=\"https:\/\/ssad.statistics.sk\/SSaD\/wp-content\/uploads\/2019\/02\/casopis2018_142x190.png\" class=\"attachment-full size-full\" alt=\"SSaD 2018\" \/><\/div><\/div><\/div><\/div><\/div><div class=\"vc_col-sm-6 wpb_column vc_column_container\"><div class=\"vc_column-inner\"><div class=\"wpb_wrapper\">[vc_raw_html]PGRpdiBjbGFzcz0iZGV0YWlsIj4gDQogICAgPHA+TnVtYmVyIG9mIHBhZ2VzOiA2NjwvcD4NCiAgICA8cD5QZXJpb2RpY2l0eTogNCB0aW1lcyBhIHllYXI8L3A+ICAgDQogICAgPHA+SVNTTjogMTMzOS02ODU0IChvbmxpbmUpPC9wPg0KICAgIDxwPjxzcGFuIHN0eWxlPSJwYWRkaW5nLWxlZnQ6IDQ3cHg7Ij4xMjEwLTEwOTUgKHByaW50ZWQgdmVyc2lvbik8L3NwYW4+PC9wPg0KPC9kaXY+[\/vc_raw_html]<\/div><\/div><\/div><div class=\"vc_col-sm-4 wpb_column vc_column_container\"><div class=\"vc_column-inner\"><div class=\"wpb_wrapper\">[vc_raw_html css=&#8220;.vc_custom_1554879514358{margin-top: 3.35em !important;}&#8220;]PGRpdj4gICAgDQogICAgPHA+PHNwYW4gc3R5bGU9ImxpbmUtaGVpZ2h0OiAyLjFlbTsgcGFkZGluZy1sZWZ0OiAwcHg7IGNvbG9yOiAjMWU0ZTlkOyI+Q29tcGxldGUgaXNzdWU8L3NwYW4+PGJyPiBbZG93bmxvYWQgaWQ9IjQ3Il0gZG93bmxvYWRzKTwvc3Bhbj48L3A+DQo8L2Rpdj4=[\/vc_raw_html]<\/div><\/div><\/div><\/div><\/div><\/section><section class=\"l-section wpb_row us_custom_5c07cc07 height_auto\"><div class=\"l-section-h i-cf\"><div class=\"g-cols vc_row via_flex valign_top type_default stacking_default\"><div class=\"vc_col-sm-12 wpb_column vc_column_container\"><div class=\"vc_column-inner\"><div class=\"wpb_wrapper\"><div class=\"w-separator us_custom_fd420121 has_text_color size_medium with_line width_default thick_1 style_dashed color_border align_center\"><div class=\"w-separator-h\"><\/div><\/div><\/div><\/div><\/div><\/div><\/div><\/section><section class=\"l-section wpb_row us_custom_85c8db04 height_auto\"><div class=\"l-section-h i-cf\"><div class=\"g-cols vc_row via_flex valign_top type_default stacking_default\"><div class=\"vc_col-sm-12 wpb_column vc_column_container\"><div class=\"vc_column-inner\"><div class=\"wpb_wrapper\"><div class=\"wpb_text_column\"><div class=\"wpb_wrapper\"><h2>SCIENTIFIC ARTICLES<\/h2>\n<div class=\"w-grid us_custom_2b991ef7 type_grid layout_146\" id=\"us_grid_1\" data-filterable=\"true\"><style>#us_grid_1 .w-grid-item:not(:last-child){margin-bottom:2.5rem}#us_grid_1 .g-loadmore{margin-top:2.5rem}.layout_146 .w-grid-item-h{}.layout_146 .usg_post_title_1{font-family:var(--font-body)!important;font-size:21px!important}.layout_146 .usg_post_date_1{font-family:var(--font-body)!important;font-size:0.9rem!important}.layout_146 .usg_post_content_1{margin-top:0.5rem!important;font-family:var(--font-body)!important}@media (max-width:600px){.layout_146 .usg_post_title_1{font-size:18px!important}}<\/style><div class=\"w-grid-list\">\t<article class=\"w-grid-item size_1x1 post-781 post type-post status-publish format-standard hentry category-1-2018-vedecke-clanky tag-analyza-rizik tag-autor-michal-pales tag-cvar tag-hodnota-v-riziku tag-jazyk-r tag-miery-rizika tag-solventnost-ii\" data-id=\"781\">\r\n\t\t<div class=\"w-grid-item-h\">\r\n\t\t\t\t\t\t<h2 class=\"w-post-elm post_title usg_post_title_1 entry-title color_link_inherit\"><a href=\"https:\/\/ssad.statistics.sk\/SSaD\/index.php\/vyuzitie-jazyka-r-na-odhad-mier-rizika-s-vyuzitim-simulacii\/\">Vyu\u017eitie jazyka R na odhad mier rizika s vyu\u017eit\u00edm simul\u00e1ci\u00ed<\/a><\/h2><time class=\"w-post-elm post_date usg_post_date_1 entry-date published\" datetime=\"2018-01-15T09:58:47+01:00\"><i class=\"far fa-clock\"><\/i>15. janu\u00e1ra 2018<\/time><div class=\"w-post-elm post_content usg_post_content_1\"><p>Michal P\u00e1le\u0161, Fakulta hospod\u00e1rskej informatiky, Ekonomick\u00e1 univerzita v Bratislave, Slovensk\u00e1 republika<br \/>\n <a href=\"https:\/\/ssad.statistics.sk\/SSaD\/index.php\/vyuzitie-jazyka-r-na-odhad-mier-rizika-s-vyuzitim-simulacii\/#more-781\" class=\"more-link\"><span aria-label=\"\u010c\u00edta\u0165 \u010falej Vyu\u017eitie jazyka R na odhad mier rizika s vyu\u017eit\u00edm simul\u00e1ci\u00ed\">(viac&hellip;)<\/span><\/a><\/p>\n<\/div>\t\t<\/div>\r\n\t<\/article>\r\n\t<article class=\"w-grid-item size_1x1 post-784 post type-post status-publish format-standard hentry category-1-2018-vedecke-clanky tag-agregace tag-autor-roman-pavelka tag-casova-rada tag-interpolace tag-statisticky-software-sas\" data-id=\"784\">\r\n\t\t<div class=\"w-grid-item-h\">\r\n\t\t\t\t\t\t<h2 class=\"w-post-elm post_title usg_post_title_1 entry-title color_link_inherit\"><a href=\"https:\/\/ssad.statistics.sk\/SSaD\/index.php\/modelovani-casovych-rad-pomoci-procedury-expand-statistickeho-systemu-sas\/\">Modelov\u00e1n\u00ed \u010dasov\u00fdch \u0159ad pomoc\u00ed procedury expand statistick\u00e9ho syst\u00e9mu SAS<\/a><\/h2><time class=\"w-post-elm post_date usg_post_date_1 entry-date published\" datetime=\"2018-01-15T08:45:19+01:00\"><i class=\"far fa-clock\"><\/i>15. janu\u00e1ra 2018<\/time><div class=\"w-post-elm post_content usg_post_content_1\"><p>Roman Pavelka, \u0160tatistick\u00fd \u00farad Slovenskej republiky, Slovensk\u00e1 republika<\/p>\n<p> <a href=\"https:\/\/ssad.statistics.sk\/SSaD\/index.php\/modelovani-casovych-rad-pomoci-procedury-expand-statistickeho-systemu-sas\/#more-784\" class=\"more-link\"><span aria-label=\"\u010c\u00edta\u0165 \u010falej Modelov\u00e1n\u00ed \u010dasov\u00fdch \u0159ad pomoc\u00ed procedury expand statistick\u00e9ho syst\u00e9mu SAS\">(viac&hellip;)<\/span><\/a><\/p>\n<\/div>\t\t<\/div>\r\n\t<\/article>\r\n\t<article class=\"w-grid-item size_1x1 post-788 post type-post status-publish format-standard hentry category-1-2018-vedecke-clanky tag-autor-branislav-sprocha tag-migranti tag-pohlavie tag-rodinny-stav tag-slovensko tag-vek tag-vzdelanie tag-zahranicna-migracia\" data-id=\"788\">\r\n\t\t<div class=\"w-grid-item-h\">\r\n\t\t\t\t\t\t<h2 class=\"w-post-elm post_title usg_post_title_1 entry-title color_link_inherit\"><a href=\"https:\/\/ssad.statistics.sk\/SSaD\/index.php\/kto-su-zahranicni-migranti-slovenska-strukturalna-analyza-imigrantov-a-emigrantov\/\">Kto s\u00fa zahrani\u010dn\u00ed migranti Slovenska? \u0160truktur\u00e1lna anal\u00fdza imigrantov a emigrantov<\/a><\/h2><time class=\"w-post-elm post_date usg_post_date_1 entry-date published\" datetime=\"2018-01-15T07:57:47+01:00\"><i class=\"far fa-clock\"><\/i>15. janu\u00e1ra 2018<\/time><div class=\"w-post-elm post_content usg_post_content_1\"><p>Branislav \u0160procha, INFOSTAT \u2013 V\u00fdskumn\u00e9 demografick\u00e9 centrum, Slovensk\u00e1 republika<\/p>\n<p> <a href=\"https:\/\/ssad.statistics.sk\/SSaD\/index.php\/kto-su-zahranicni-migranti-slovenska-strukturalna-analyza-imigrantov-a-emigrantov\/#more-788\" class=\"more-link\"><span aria-label=\"\u010c\u00edta\u0165 \u010falej Kto s\u00fa zahrani\u010dn\u00ed migranti Slovenska? \u0160truktur\u00e1lna anal\u00fdza imigrantov a emigrantov\">(viac&hellip;)<\/span><\/a><\/p>\n<\/div>\t\t<\/div>\r\n\t<\/article>\r\n<\/div><div class=\"w-grid-preloader\"><div class=\"g-preloader type_1\">\r\n\t<div><\/div>\r\n<\/div>\r\n<\/div>\t<div class=\"w-grid-json hidden\" onclick='return {&quot;action&quot;:&quot;us_ajax_grid&quot;,&quot;ajax_url&quot;:&quot;https:\\\/\\\/ssad.statistics.sk\\\/SSaD\\\/wp-admin\\\/admin-ajax.php&quot;,&quot;infinite_scroll&quot;:0,&quot;max_num_pages&quot;:1,&quot;pagination&quot;:&quot;none&quot;,&quot;permalink_url&quot;:&quot;https:\\\/\\\/ssad.statistics.sk\\\/SSaD\\\/wp-json\\\/wp\\\/v2\\\/pages\\\/778&quot;,&quot;template_vars&quot;:{&quot;columns&quot;:&quot;1&quot;,&quot;exclude_items&quot;:&quot;none&quot;,&quot;img_size&quot;:&quot;default&quot;,&quot;ignore_items_size&quot;:0,&quot;items_layout&quot;:&quot;146&quot;,&quot;items_offset&quot;:&quot;1&quot;,&quot;load_animation&quot;:&quot;none&quot;,&quot;overriding_link&quot;:&quot;none&quot;,&quot;post_id&quot;:778,&quot;query_args&quot;:{&quot;post_type&quot;:[&quot;post&quot;],&quot;tax_query&quot;:[{&quot;taxonomy&quot;:&quot;category&quot;,&quot;field&quot;:&quot;slug&quot;,&quot;terms&quot;:[&quot;1-2018-scientific-articles&quot;]}],&quot;post_status&quot;:[&quot;publish&quot;],&quot;posts_per_page&quot;:&quot;20&quot;},&quot;orderby_query_args&quot;:{&quot;orderby&quot;:{&quot;date&quot;:&quot;DESC&quot;}},&quot;type&quot;:&quot;grid&quot;,&quot;us_grid_ajax_index&quot;:1,&quot;us_grid_filter_params&quot;:null,&quot;us_grid_index&quot;:1,&quot;_us_grid_post_type&quot;:&quot;post&quot;}}'><\/div>\r\n\t<\/div>\n<\/div><\/div><\/div><\/div><\/div><\/div><\/div><\/section><section class=\"l-section wpb_row us_custom_c4a4bb17 height_auto\"><div class=\"l-section-h i-cf\"><div class=\"g-cols vc_row via_flex valign_top type_default stacking_default\"><div class=\"vc_col-sm-12 wpb_column vc_column_container\"><div class=\"vc_column-inner\"><div class=\"wpb_wrapper\"><div class=\"wpb_text_column\"><div class=\"wpb_wrapper\"><h2>INFORMATIVE ARTICLES, OPINIONS, REVIEWS, INTERVIEWS, INFORMATION<\/h2>\n<div class=\"w-grid us_custom_2b991ef7 type_grid layout_146\" id=\"us_grid_2\"><style>#us_grid_2 .w-grid-item:not(:last-child){margin-bottom:2.5rem}#us_grid_2 .g-loadmore{margin-top:2.5rem}<\/style><div class=\"w-grid-list\">\t<article class=\"w-grid-item size_1x1 post-792 post type-post status-publish format-standard hentry category-1-2018-informativne-clanky-nazory-recenzie-rozhovory-informacie\" data-id=\"792\">\r\n\t\t<div class=\"w-grid-item-h\">\r\n\t\t\t\t\t\t<h2 class=\"w-post-elm post_title usg_post_title_1 entry-title color_link_inherit\"><a href=\"https:\/\/ssad.statistics.sk\/SSaD\/index.php\/in-memoriam-prof-ing-iva-ritschelova-csc\/\">In memoriam, prof. Ing. Iva Ritschelov\u00e1, CSc.<\/a><\/h2><time class=\"w-post-elm post_date usg_post_date_1 entry-date published\" datetime=\"2018-01-15T06:45:18+01:00\"><i class=\"far fa-clock\"><\/i>15. janu\u00e1ra 2018<\/time><div class=\"w-post-elm post_content usg_post_content_1\"><p> <a href=\"https:\/\/ssad.statistics.sk\/SSaD\/index.php\/in-memoriam-prof-ing-iva-ritschelova-csc\/#more-792\" class=\"more-link\"><span aria-label=\"\u010c\u00edta\u0165 \u010falej In memoriam, prof. Ing. Iva Ritschelov\u00e1, CSc.\">(viac&hellip;)<\/span><\/a><\/p>\n<\/div>\t\t<\/div>\r\n\t<\/article>\r\n\t<article class=\"w-grid-item size_1x1 post-795 post type-post status-publish format-standard hentry category-1-2018-informativne-clanky-nazory-recenzie-rozhovory-informacie tag-autor-iva-ritschelova tag-autor-pavol-skapik\" data-id=\"795\">\r\n\t\t<div class=\"w-grid-item-h\">\r\n\t\t\t\t\t\t<h2 class=\"w-post-elm post_title usg_post_title_1 entry-title color_link_inherit\"><a href=\"https:\/\/ssad.statistics.sk\/SSaD\/index.php\/v-navrhu-cenzu-2021-csu-nepocita-so-zistovanim-nabozenskej-viery-a-materinskeho-jazyka\/\">V n\u00e1vrhu cenzu 2021 \u010cS\u00da nepo\u010d\u00edta so zis\u0165ovan\u00edm n\u00e1bo\u017eenskej viery a materinsk\u00e9ho jazyka<\/a><\/h2><time class=\"w-post-elm post_date usg_post_date_1 entry-date published\" datetime=\"2018-01-15T05:51:58+01:00\"><i class=\"far fa-clock\"><\/i>15. janu\u00e1ra 2018<\/time><div class=\"w-post-elm post_content usg_post_content_1\"><p>Iva Ritschelov\u00e1, \u010cesk\u00fd statistick\u00fd \u00fa\u0159ad, \u010cesk\u00e1 republika<br \/>\nPavol \u0160k\u00e1pik, \u0160tatistick\u00fd \u00farad Slovenskej republiky, Slovensk\u00e1 republika<\/p>\n<p> <a href=\"https:\/\/ssad.statistics.sk\/SSaD\/index.php\/v-navrhu-cenzu-2021-csu-nepocita-so-zistovanim-nabozenskej-viery-a-materinskeho-jazyka\/#more-795\" class=\"more-link\"><span aria-label=\"\u010c\u00edta\u0165 \u010falej V n\u00e1vrhu cenzu 2021 \u010cS\u00da nepo\u010d\u00edta so zis\u0165ovan\u00edm n\u00e1bo\u017eenskej viery a materinsk\u00e9ho jazyka\">(viac&hellip;)<\/span><\/a><\/p>\n<\/div>\t\t<\/div>\r\n\t<\/article>\r\n\t<article class=\"w-grid-item size_1x1 post-799 post type-post status-publish format-standard hentry category-1-2018-informativne-clanky-nazory-recenzie-rozhovory-informacie tag-autor-ludmila-ivancikova\" data-id=\"799\">\r\n\t\t<div class=\"w-grid-item-h\">\r\n\t\t\t\t\t\t<h2 class=\"w-post-elm post_title usg_post_title_1 entry-title color_link_inherit\"><a href=\"https:\/\/ssad.statistics.sk\/SSaD\/index.php\/103-konferencia-dgins-a-budapestianske-memorandum\/\">103. Konferencia DGINS a Budape\u0161tianske memorandum<\/a><\/h2><time class=\"w-post-elm post_date usg_post_date_1 entry-date published\" datetime=\"2018-01-15T04:56:47+01:00\"><i class=\"far fa-clock\"><\/i>15. janu\u00e1ra 2018<\/time><div class=\"w-post-elm post_content usg_post_content_1\"><p>\u013dudmila Ivan\u010d\u00edkov\u00e1, \u0160tatistick\u00fd \u00farad Slovenskej republiky, Slovensk\u00e1 republika<\/p>\n<p> <a href=\"https:\/\/ssad.statistics.sk\/SSaD\/index.php\/103-konferencia-dgins-a-budapestianske-memorandum\/#more-799\" class=\"more-link\"><span aria-label=\"\u010c\u00edta\u0165 \u010falej 103. Konferencia DGINS a Budape\u0161tianske memorandum\">(viac&hellip;)<\/span><\/a><\/p>\n<\/div>\t\t<\/div>\r\n\t<\/article>\r\n\t<article class=\"w-grid-item size_1x1 post-803 post type-post status-publish format-standard hentry category-1-2018-informativne-clanky-nazory-recenzie-rozhovory-informacie tag-autor-maria-vojtkova\" data-id=\"803\">\r\n\t\t<div class=\"w-grid-item-h\">\r\n\t\t\t\t\t\t<h2 class=\"w-post-elm post_title usg_post_title_1 entry-title color_link_inherit\"><a href=\"https:\/\/ssad.statistics.sk\/SSaD\/index.php\/statisticke-metody-v-socialno-ekonomickom-vyskume-teoria-a-aplikacie-24-polsko-slovensko-ukrajinsky-vedecky-seminar\/\">\u0160tatistick\u00e9 met\u00f3dy v soci\u00e1lno-ekonomickom v\u00fdskume \u2013 te\u00f3ria a aplik\u00e1cie  24. Po\u013esko-Slovensko-Ukrajinsk\u00fd vedeck\u00fd semin\u00e1r<\/a><\/h2><time class=\"w-post-elm post_date usg_post_date_1 entry-date published\" datetime=\"2018-01-15T03:06:46+01:00\"><i class=\"far fa-clock\"><\/i>15. janu\u00e1ra 2018<\/time><div class=\"w-post-elm post_content usg_post_content_1\"><p>M\u00e1ria Vojtkov\u00e1, Fakulta hospod\u00e1rskej informatiky, Ekonomick\u00e1 univerzita v Bratislave, Slovensk\u00e1 republika<\/p>\n<p> <a href=\"https:\/\/ssad.statistics.sk\/SSaD\/index.php\/statisticke-metody-v-socialno-ekonomickom-vyskume-teoria-a-aplikacie-24-polsko-slovensko-ukrajinsky-vedecky-seminar\/#more-803\" class=\"more-link\"><span aria-label=\"\u010c\u00edta\u0165 \u010falej \u0160tatistick\u00e9 met\u00f3dy v soci\u00e1lno-ekonomickom v\u00fdskume \u2013 te\u00f3ria a aplik\u00e1cie  24. Po\u013esko-Slovensko-Ukrajinsk\u00fd vedeck\u00fd semin\u00e1r\">(viac&hellip;)<\/span><\/a><\/p>\n<\/div>\t\t<\/div>\r\n\t<\/article>\r\n\t<article class=\"w-grid-item size_1x1 post-806 post type-post status-publish format-standard hentry category-1-2018-informativne-clanky-nazory-recenzie-rozhovory-informacie tag-autor-giancarlo-marone\" data-id=\"806\">\r\n\t\t<div class=\"w-grid-item-h\">\r\n\t\t\t\t\t\t<h2 class=\"w-post-elm post_title usg_post_title_1 entry-title color_link_inherit\"><a href=\"https:\/\/ssad.statistics.sk\/SSaD\/index.php\/niekolko-slov-o-vine-v-taliansku-a-na-slovensku-dve-krajiny-s-dlhou-tradiciou-v-tomto-sektore\/\">Nieko\u013eko slov o v\u00edne v Taliansku a na Slovensku, dve krajiny s dlhou trad\u00edciou v tomto sektore<\/a><\/h2><time class=\"w-post-elm post_date usg_post_date_1 entry-date published\" datetime=\"2018-01-15T02:18:04+01:00\"><i class=\"far fa-clock\"><\/i>15. janu\u00e1ra 2018<\/time><div class=\"w-post-elm post_content usg_post_content_1\"><p>Giancarlo Marone, Ministerstvo po\u013enohospod\u00e1rstva, potravin\u00e1rstva a lesn\u00edctva, Taliansko<\/p>\n<p> <a href=\"https:\/\/ssad.statistics.sk\/SSaD\/index.php\/niekolko-slov-o-vine-v-taliansku-a-na-slovensku-dve-krajiny-s-dlhou-tradiciou-v-tomto-sektore\/#more-806\" class=\"more-link\"><span aria-label=\"\u010c\u00edta\u0165 \u010falej Nieko\u013eko slov o v\u00edne v Taliansku a na Slovensku, dve krajiny s dlhou trad\u00edciou v tomto sektore\">(viac&hellip;)<\/span><\/a><\/p>\n<\/div>\t\t<\/div>\r\n\t<\/article>\r\n<\/div><div class=\"w-grid-preloader\"><div class=\"g-preloader type_1\">\r\n\t<div><\/div>\r\n<\/div>\r\n<\/div>\t<div class=\"w-grid-json hidden\" onclick='return {&quot;action&quot;:&quot;us_ajax_grid&quot;,&quot;ajax_url&quot;:&quot;https:\\\/\\\/ssad.statistics.sk\\\/SSaD\\\/wp-admin\\\/admin-ajax.php&quot;,&quot;infinite_scroll&quot;:0,&quot;max_num_pages&quot;:1,&quot;pagination&quot;:&quot;none&quot;,&quot;permalink_url&quot;:&quot;https:\\\/\\\/ssad.statistics.sk\\\/SSaD\\\/wp-json\\\/wp\\\/v2\\\/pages\\\/778&quot;,&quot;template_vars&quot;:{&quot;columns&quot;:&quot;1&quot;,&quot;exclude_items&quot;:&quot;none&quot;,&quot;img_size&quot;:&quot;default&quot;,&quot;ignore_items_size&quot;:0,&quot;items_layout&quot;:&quot;146&quot;,&quot;items_offset&quot;:&quot;1&quot;,&quot;load_animation&quot;:&quot;none&quot;,&quot;overriding_link&quot;:&quot;none&quot;,&quot;post_id&quot;:788,&quot;query_args&quot;:{&quot;post_type&quot;:[&quot;post&quot;],&quot;tax_query&quot;:[{&quot;taxonomy&quot;:&quot;category&quot;,&quot;field&quot;:&quot;slug&quot;,&quot;terms&quot;:[&quot;1-2018-informative-articles-opinions-reviews-interviews-information&quot;]}],&quot;post_status&quot;:[&quot;publish&quot;],&quot;posts_per_page&quot;:&quot;20&quot;},&quot;orderby_query_args&quot;:{&quot;orderby&quot;:{&quot;date&quot;:&quot;DESC&quot;}},&quot;type&quot;:&quot;grid&quot;,&quot;us_grid_ajax_index&quot;:1,&quot;us_grid_filter_params&quot;:null,&quot;us_grid_index&quot;:2,&quot;_us_grid_post_type&quot;:&quot;post&quot;}}'><\/div>\r\n\t<\/div>\n<\/div><\/div><\/div><\/div><\/div><\/div><\/div><\/section><section class=\"l-section wpb_row us_custom_c4a4bb17 height_auto\"><div class=\"l-section-h i-cf\"><div class=\"g-cols vc_row via_flex valign_top type_default stacking_default\"><div class=\"vc_col-sm-12 wpb_column vc_column_container\"><div class=\"vc_column-inner us_custom_5c07cc07\"><div class=\"wpb_wrapper\"><div class=\"wpb_text_column\"><div class=\"wpb_wrapper\"><h2>COMING SOON<\/h2>\n<p>&nbsp;<\/p>\n<h2 class=\"soon1\">Evaluation of the property price development by a composite index<\/h2>\n<p>Mikul\u00e1\u0161 C\u00e1r, Roman Vrbovsk\u00fd, National bank of Slovakia, Slovak Republic<\/p>\n<h2 class=\"soon\">What is behind low wages in Central and Eastern Europe?<\/h2>\n<p>Jan Drahokoupil, Agnieszka Piasna, European Trade Union Institute, Belgium<\/p>\n<h2 class=\"soon\">Analysis of selected indicators of business demography in Slovakia in years 2008 \u2013 2014<\/h2>\n<p>\u013dubica Hurb\u00e1nkov\u00e1, Faculty of Economic Informatics, University of Economics in Bratislava, Slovak Republic<\/p>\n<\/div><\/div><\/div><\/div><\/div><\/div><\/div><\/section>\n","protected":false},"excerpt":{"rendered":"Giancarlo Marone, Ministerstvo po\u013enohospod\u00e1rstva, potravin\u00e1rstva a lesn\u00edctva, Taliansko Typ \u010dl\u00e1nku: informat\u00edvny \u010dl\u00e1nok Strany: 57 - 65 &nbsp; \u010cl\u00e1nok na stiahnutie PDF (900,6 KB, 1&nbsp;105 stiahnut\u00ed)","protected":false},"author":4,"featured_media":0,"parent":0,"menu_order":0,"comment_status":"closed","ping_status":"closed","template":"","meta":{"_exactmetrics_skip_tracking":false,"_exactmetrics_sitenote_active":false,"_exactmetrics_sitenote_note":"","_exactmetrics_sitenote_category":0,"footnotes":""},"class_list":["post-778","page","type-page","status-publish","hentry"],"_links":{"self":[{"href":"https:\/\/ssad.statistics.sk\/SSaD\/index.php\/wp-json\/wp\/v2\/pages\/778","targetHints":{"allow":["GET"]}}],"collection":[{"href":"https:\/\/ssad.statistics.sk\/SSaD\/index.php\/wp-json\/wp\/v2\/pages"}],"about":[{"href":"https:\/\/ssad.statistics.sk\/SSaD\/index.php\/wp-json\/wp\/v2\/types\/page"}],"author":[{"embeddable":true,"href":"https:\/\/ssad.statistics.sk\/SSaD\/index.php\/wp-json\/wp\/v2\/users\/4"}],"replies":[{"embeddable":true,"href":"https:\/\/ssad.statistics.sk\/SSaD\/index.php\/wp-json\/wp\/v2\/comments?post=778"}],"version-history":[{"count":13,"href":"https:\/\/ssad.statistics.sk\/SSaD\/index.php\/wp-json\/wp\/v2\/pages\/778\/revisions"}],"predecessor-version":[{"id":4172,"href":"https:\/\/ssad.statistics.sk\/SSaD\/index.php\/wp-json\/wp\/v2\/pages\/778\/revisions\/4172"}],"wp:attachment":[{"href":"https:\/\/ssad.statistics.sk\/SSaD\/index.php\/wp-json\/wp\/v2\/media?parent=778"}],"curies":[{"name":"wp","href":"https:\/\/api.w.org\/{rel}","templated":true}]}}