{"id":4774,"date":"2026-04-15T08:32:37","date_gmt":"2026-04-15T06:32:37","guid":{"rendered":"https:\/\/ssad.statistics.sk\/SSaD\/index.php\/slovak-statistics-and-demography-2-2026\/"},"modified":"2026-04-15T10:08:57","modified_gmt":"2026-04-15T08:08:57","slug":"slovak-statistics-and-demography-2-2026","status":"publish","type":"page","link":"https:\/\/ssad.statistics.sk\/SSaD\/index.php\/slovak-statistics-and-demography-2-2026\/?lang=en","title":{"rendered":"Slovak Statistics and Demography 2\/2026"},"content":{"rendered":"<section class=\"l-section wpb_row us_custom_af653123 height_auto\"><div class=\"l-section-h i-cf\"><div class=\"g-cols vc_row via_flex valign_top type_default stacking_default\"><div class=\"vc_col-sm-12 wpb_column vc_column_container\"><div class=\"vc_column-inner\"><div class=\"wpb_wrapper\"><div class=\"wpb_text_column\"><div class=\"wpb_wrapper\"><h1>Slovak Statistics and Demography 2\/2026<\/h1>\n<\/div><\/div><\/div><\/div><\/div><\/div><\/div><\/section><section class=\"l-section wpb_row us_custom_18c73a72 height_auto\"><div class=\"l-section-h i-cf\"><div class=\"g-cols vc_row via_flex valign_top type_default stacking_default\"><div class=\"vc_col-sm-2 wpb_column vc_column_container\"><div class=\"vc_column-inner\"><div class=\"wpb_wrapper\"><div class=\"w-image style_outlined align_none\"><div class=\"w-image-h\"><img loading=\"lazy\" decoding=\"async\" width=\"141\" height=\"190\" src=\"https:\/\/ssad.statistics.sk\/SSaD\/wp-content\/uploads\/2026\/04\/SSAD_02_2026.png\" class=\"attachment-full size-full\" alt=\"\" \/><\/div><\/div><\/div><\/div><\/div><div class=\"vc_col-sm-6 wpb_column vc_column_container\"><div class=\"vc_column-inner\"><div class=\"wpb_wrapper\">[vc_raw_html]PGRpdiBjbGFzcz0iZGV0YWlsIj4gDQogICAgPHA+TnVtYmVyIG9mIHBhZ2VzOiA0MjwvcD4NCiAgICA8cD5QZXJpb2RpY2l0eTogNCB0aW1lcyBhIHllYXI8L3A+ICAgDQogICAgPHA+SVNTTjogMTMzOS02ODU0IChvbmxpbmUpPC9wPg0KICAgIDxwPjxzcGFuIHN0eWxlPSJwYWRkaW5nLWxlZnQ6IDQ3cHg7Ij4xMjEwLTEwOTUgKHByaW50ZWQgdmVyc2lvbik8L3NwYW4+PC9wPg0KPC9kaXY+[\/vc_raw_html]<\/div><\/div><\/div><div class=\"vc_col-sm-4 wpb_column vc_column_container\"><div class=\"vc_column-inner\"><div class=\"wpb_wrapper\">[vc_raw_html el_class=&#8220;download-content&#8220;]PGRpdj4gICAgDQogICAgPHA+PHNwYW4gc3R5bGU9ImxpbmUtaGVpZ2h0OiAyLjFlbTsgcGFkZGluZy1sZWZ0OiAwcHg7IGNvbG9yOiAjMWU0ZTlkOyI+Q29tcGxldGUgaXNzdWU8L3NwYW4+PGJyPiBbZG93bmxvYWQgaWQ9IjQ5MyJdIGRvd25sb2Fkcyk8L3NwYW4+PC9wPg0KPC9kaXY+[\/vc_raw_html]<\/div><\/div><\/div><\/div><\/div><\/section><section class=\"l-section wpb_row us_custom_5c07cc07 height_auto\"><div class=\"l-section-h i-cf\"><div class=\"g-cols vc_row via_flex valign_top type_default stacking_default\"><div class=\"vc_col-sm-12 wpb_column vc_column_container\"><div class=\"vc_column-inner\"><div class=\"wpb_wrapper\"><div class=\"w-separator us_custom_fd420121 has_text_color size_medium with_line width_default thick_1 style_dashed color_border align_center\"><div class=\"w-separator-h\"><\/div><\/div><\/div><\/div><\/div><\/div><\/div><\/section><section class=\"l-section wpb_row us_custom_85c8db04 height_auto\"><div class=\"l-section-h i-cf\"><div class=\"g-cols vc_row via_flex valign_top type_default stacking_default\"><div class=\"vc_col-sm-12 wpb_column vc_column_container\"><div class=\"vc_column-inner\"><div class=\"wpb_wrapper\"><div class=\"wpb_text_column\"><div class=\"wpb_wrapper\"><h2>SCIENTIFIC ARTICLES<\/h2>\n<div class=\"w-grid us_custom_2b991ef7 type_grid layout_146\" id=\"us_grid_1\" data-filterable=\"true\"><style>#us_grid_1 .w-grid-item:not(:last-child){margin-bottom:2.5rem}#us_grid_1 .g-loadmore{margin-top:2.5rem}.layout_146 .w-grid-item-h{}.layout_146 .usg_post_title_1{font-family:var(--font-body)!important;font-size:21px!important}.layout_146 .usg_post_date_1{font-family:var(--font-body)!important;font-size:0.9rem!important}.layout_146 .usg_post_content_1{margin-top:0.5rem!important;font-family:var(--font-body)!important}@media (max-width:600px){.layout_146 .usg_post_title_1{font-size:18px!important}}<\/style><div class=\"w-grid-list\">\t<article class=\"w-grid-item size_1x1 post-4769 post type-post status-publish format-standard hentry category-2-2026-vedecke-clanky tag-autor-berenika-tuzilova tag-autor-paulina-jalaksova tag-autor-petra-mojzisova tag-danova-disciplina tag-danove-zvyhodnenie tag-danovy-bonus-na-dieta tag-efektivna-komunikacia tag-terenny-experiment\" data-id=\"4769\">\r\n\t\t<div class=\"w-grid-item-h\">\r\n\t\t\t\t\t\t<h2 class=\"w-post-elm post_title usg_post_title_1 entry-title color_link_inherit\"><a href=\"https:\/\/ssad.statistics.sk\/SSaD\/index.php\/asertivna-komunikacia-v-oblasti-danoveho-vymahania-vysledky-experimentu-zo-slovenska\/\">Asert\u00edvna komunik\u00e1cia v oblasti da\u0148ov\u00e9ho vym\u00e1hania: v\u00fdsledky experimentu zo Slovenska<\/a><\/h2><time class=\"w-post-elm post_date usg_post_date_1 entry-date published\" datetime=\"2026-04-15T08:06:54+02:00\"><i class=\"far fa-clock\"><\/i>15. apr\u00edla 2026<\/time><div class=\"w-post-elm post_content usg_post_content_1\"><p>Paul\u00edna Jalak\u0161ov\u00e1, Richard Priesol, In\u0161tit\u00fat finan\u010dnej politiky, Slovensk\u00e1 republika<br \/>\nBerenika Tu\u017eilov\u00e1, In\u0161tit\u00fat finan\u010dnej politiky, Slovensk\u00e1 republika; N\u00e1rodohospod\u00e1rska fakulta, Vysok\u00e1 \u0161kola ekonomick\u00e1 v Prahe, \u010cesk\u00e1 republika<br \/>\nPetra Moj\u017eisov\u00e1, Finan\u010dn\u00e1 spr\u00e1va Slovenskej republiky, Slovensk\u00e1 republika<\/p>\n<p> <a href=\"https:\/\/ssad.statistics.sk\/SSaD\/index.php\/asertivna-komunikacia-v-oblasti-danoveho-vymahania-vysledky-experimentu-zo-slovenska\/#more-4769\" class=\"more-link\"><span aria-label=\"\u010c\u00edta\u0165 \u010falej Asert\u00edvna komunik\u00e1cia v oblasti da\u0148ov\u00e9ho vym\u00e1hania: v\u00fdsledky experimentu zo Slovenska\">(viac&hellip;)<\/span><\/a><\/p>\n<\/div>\t\t<\/div>\r\n\t<\/article>\r\n<\/div><div class=\"w-grid-preloader\"><div class=\"g-preloader type_1\">\r\n\t<div><\/div>\r\n<\/div>\r\n<\/div>\t<div class=\"w-grid-json hidden\" onclick='return {&quot;action&quot;:&quot;us_ajax_grid&quot;,&quot;ajax_url&quot;:&quot;https:\\\/\\\/ssad.statistics.sk\\\/SSaD\\\/wp-admin\\\/admin-ajax.php&quot;,&quot;infinite_scroll&quot;:0,&quot;max_num_pages&quot;:1,&quot;pagination&quot;:&quot;none&quot;,&quot;permalink_url&quot;:&quot;https:\\\/\\\/ssad.statistics.sk\\\/SSaD\\\/wp-json\\\/wp\\\/v2\\\/pages\\\/4774&quot;,&quot;template_vars&quot;:{&quot;columns&quot;:&quot;1&quot;,&quot;exclude_items&quot;:&quot;none&quot;,&quot;img_size&quot;:&quot;default&quot;,&quot;ignore_items_size&quot;:0,&quot;items_layout&quot;:&quot;146&quot;,&quot;items_offset&quot;:&quot;1&quot;,&quot;load_animation&quot;:&quot;none&quot;,&quot;overriding_link&quot;:&quot;none&quot;,&quot;post_id&quot;:4774,&quot;query_args&quot;:{&quot;post_type&quot;:[&quot;post&quot;],&quot;tax_query&quot;:[{&quot;taxonomy&quot;:&quot;category&quot;,&quot;field&quot;:&quot;slug&quot;,&quot;terms&quot;:[&quot;2-2026-scientific-articles&quot;]}],&quot;post_status&quot;:[&quot;publish&quot;],&quot;posts_per_page&quot;:&quot;20&quot;},&quot;orderby_query_args&quot;:{&quot;orderby&quot;:{&quot;date&quot;:&quot;DESC&quot;}},&quot;type&quot;:&quot;grid&quot;,&quot;us_grid_ajax_index&quot;:1,&quot;us_grid_filter_params&quot;:null,&quot;us_grid_index&quot;:1,&quot;_us_grid_post_type&quot;:&quot;post&quot;}}'><\/div>\r\n\t<\/div>\n<\/div><\/div><\/div><\/div><\/div><\/div><\/div><\/section><section class=\"l-section wpb_row us_custom_c4a4bb17 content-information height_auto\"><div class=\"l-section-h i-cf\"><div class=\"g-cols vc_row via_flex valign_top type_default stacking_default\"><div class=\"vc_col-sm-12 wpb_column vc_column_container\"><div class=\"vc_column-inner\"><div class=\"wpb_wrapper\"><div class=\"wpb_text_column\"><div class=\"wpb_wrapper\"><h2>INFORMATIVE ARTICLES, OPINIONS, REVIEWS, INTERVIEWS, INFORMATION<\/h2>\n<div class=\"w-grid us_custom_2b991ef7 type_grid layout_146\" id=\"us_grid_2\"><style>#us_grid_2 .w-grid-item:not(:last-child){margin-bottom:2.5rem}#us_grid_2 .g-loadmore{margin-top:2.5rem}<\/style><div class=\"w-grid-list\">\t<article class=\"w-grid-item size_1x1 post-4764 post type-post status-publish format-standard hentry category-2-2026-informativne-clanky-nazory-recenzie-rozhovory-informacie tag-autor-helena-glaser-opitzova tag-dovera tag-europsky-statisticky-system tag-kodex-postupov-pre-europsku-statistiku tag-kvalita-statistiky tag-oficialna-statistika\" data-id=\"4764\">\r\n\t\t<div class=\"w-grid-item-h\">\r\n\t\t\t\t\t\t<h2 class=\"w-post-elm post_title usg_post_title_1 entry-title color_link_inherit\"><a href=\"https:\/\/ssad.statistics.sk\/SSaD\/index.php\/dvadsat-rokov-kodexu-postupov-pre-europsku-statistiku-dovera-ako-zaklad-oficialnej-statistiky\/\">Dvadsa\u0165 rokov K\u00f3dexu postupov pre eur\u00f3psku \u0161tatistiku: d\u00f4vera ako z\u00e1klad ofici\u00e1lnej \u0161tatistiky<\/a><\/h2><time class=\"w-post-elm post_date usg_post_date_1 entry-date published\" datetime=\"2026-04-15T07:56:37+02:00\"><i class=\"far fa-clock\"><\/i>15. apr\u00edla 2026<\/time><div class=\"w-post-elm post_content usg_post_content_1\"><p>Helena Glaser-Opitzov\u00e1, \u0160tatistick\u00fd \u00farad Slovenskej republiky, Slovensk\u00e1 republika<\/p>\n<p> <a href=\"https:\/\/ssad.statistics.sk\/SSaD\/index.php\/dvadsat-rokov-kodexu-postupov-pre-europsku-statistiku-dovera-ako-zaklad-oficialnej-statistiky\/#more-4764\" class=\"more-link\"><span aria-label=\"\u010c\u00edta\u0165 \u010falej Dvadsa\u0165 rokov K\u00f3dexu postupov pre eur\u00f3psku \u0161tatistiku: d\u00f4vera ako z\u00e1klad ofici\u00e1lnej \u0161tatistiky\">(viac&hellip;)<\/span><\/a><\/p>\n<\/div>\t\t<\/div>\r\n\t<\/article>\r\n\t<article class=\"w-grid-item size_1x1 post-4761 post type-post status-publish format-standard hentry category-2-2026-informativne-clanky-nazory-recenzie-rozhovory-informacie tag-autor-milan-terek tag-bezne-induktivne-statisticke-metody tag-chyby-pri-aplikaciach-beznych-induktivnych-statistickych-metod tag-nahodny-vyber tag-vyberove-skumanie\" data-id=\"4761\">\r\n\t\t<div class=\"w-grid-item-h\">\r\n\t\t\t\t\t\t<h2 class=\"w-post-elm post_title usg_post_title_1 entry-title color_link_inherit\"><a href=\"https:\/\/ssad.statistics.sk\/SSaD\/index.php\/kedy-mozno-pouzit-bezne-induktivne-statisticke-metody\/\">Kedy mo\u017eno pou\u017ei\u0165 be\u017en\u00e9 indukt\u00edvne \u0161tatistick\u00e9 met\u00f3dy<\/a><\/h2><time class=\"w-post-elm post_date usg_post_date_1 entry-date published\" datetime=\"2026-04-15T07:49:42+02:00\"><i class=\"far fa-clock\"><\/i>15. apr\u00edla 2026<\/time><div class=\"w-post-elm post_content usg_post_content_1\"><p>Milan Terek, Vysok\u00e1 \u0161kola mana\u017ementu, Slovensk\u00e1 republika<\/p>\n<p> <a href=\"https:\/\/ssad.statistics.sk\/SSaD\/index.php\/kedy-mozno-pouzit-bezne-induktivne-statisticke-metody\/#more-4761\" class=\"more-link\"><span aria-label=\"\u010c\u00edta\u0165 \u010falej Kedy mo\u017eno pou\u017ei\u0165 be\u017en\u00e9 indukt\u00edvne \u0161tatistick\u00e9 met\u00f3dy\">(viac&hellip;)<\/span><\/a><\/p>\n<\/div>\t\t<\/div>\r\n\t<\/article>\r\n\t<article class=\"w-grid-item size_1x1 post-4758 post type-post status-publish format-standard hentry category-2-2026-informativne-clanky-nazory-recenzie-rozhovory-informacie tag-autor-maria-bohdalova tag-autor-peter-knizat\" data-id=\"4758\">\r\n\t\t<div class=\"w-grid-item-h\">\r\n\t\t\t\t\t\t<h2 class=\"w-post-elm post_title usg_post_title_1 entry-title color_link_inherit\"><a href=\"https:\/\/ssad.statistics.sk\/SSaD\/index.php\/20-medzinarodna-konferencia-akademie-globalneho-obchodneho-vyskumu-a-praxe-2026\/\">20. medzin\u00e1rodn\u00e1 konferencia Akad\u00e9mie glob\u00e1lneho obchodn\u00e9ho v\u00fdskumu  a praxe 2026<\/a><\/h2><time class=\"w-post-elm post_date usg_post_date_1 entry-date published\" datetime=\"2026-04-15T07:32:18+02:00\"><i class=\"far fa-clock\"><\/i>15. apr\u00edla 2026<\/time><div class=\"w-post-elm post_content usg_post_content_1\"><p>Peter Kn\u00ed\u017eat, \u0160tatistick\u00fd \u00farad Slovenskej republiky, Slovensk\u00e1 republika<br \/>\nM\u00e1ria Bohdalov\u00e1, Univerzita Komensk\u00e9ho v Bratislave, Slovensk\u00e1 republika<\/p>\n<p> <a href=\"https:\/\/ssad.statistics.sk\/SSaD\/index.php\/20-medzinarodna-konferencia-akademie-globalneho-obchodneho-vyskumu-a-praxe-2026\/#more-4758\" class=\"more-link\"><span aria-label=\"\u010c\u00edta\u0165 \u010falej 20. medzin\u00e1rodn\u00e1 konferencia Akad\u00e9mie glob\u00e1lneho obchodn\u00e9ho v\u00fdskumu  a praxe 2026\">(viac&hellip;)<\/span><\/a><\/p>\n<\/div>\t\t<\/div>\r\n\t<\/article>\r\n\t<article class=\"w-grid-item size_1x1 post-4755 post type-post status-publish format-standard hentry category-2-2026-informativne-clanky-nazory-recenzie-rozhovory-informacie tag-autor-anatolij-dvurecenskij tag-autor-viktor-witkovsky\" data-id=\"4755\">\r\n\t\t<div class=\"w-grid-item-h\">\r\n\t\t\t\t\t\t<h2 class=\"w-post-elm post_title usg_post_title_1 entry-title color_link_inherit\"><a href=\"https:\/\/ssad.statistics.sk\/SSaD\/index.php\/zomrel-kmet-a-koryfej-slovenskej-statistiky-dr-h-c-prof-rndr-ing-lubomir-kubacek-drsc\/\">Zomrel kme\u0165 a koryfej slovenskej \u0161tatistiky Dr. h. c. prof. RNDr. Ing. LUBOM\u00cdR KUB\u00c1\u010cEK, DrSc.<\/a><\/h2><time class=\"w-post-elm post_date usg_post_date_1 entry-date published\" datetime=\"2026-04-15T07:24:46+02:00\"><i class=\"far fa-clock\"><\/i>15. apr\u00edla 2026<\/time><div class=\"w-post-elm post_content usg_post_content_1\"><p>Anatolij Dvure\u010denskij, Matematick\u00fd \u00fastav SAV, v. v. i., Slovensk\u00e1 republika<br \/>\nViktor Witkovsk\u00fd, \u00dastav merania SAV, v. v. i., Slovensk\u00e1 republika<\/p>\n<p> <a href=\"https:\/\/ssad.statistics.sk\/SSaD\/index.php\/zomrel-kmet-a-koryfej-slovenskej-statistiky-dr-h-c-prof-rndr-ing-lubomir-kubacek-drsc\/#more-4755\" class=\"more-link\"><span aria-label=\"\u010c\u00edta\u0165 \u010falej Zomrel kme\u0165 a koryfej slovenskej \u0161tatistiky Dr. h. c. prof. RNDr. Ing. LUBOM\u00cdR KUB\u00c1\u010cEK, DrSc.\">(viac&hellip;)<\/span><\/a><\/p>\n<\/div>\t\t<\/div>\r\n\t<\/article>\r\n<\/div><div class=\"w-grid-preloader\"><div class=\"g-preloader type_1\">\r\n\t<div><\/div>\r\n<\/div>\r\n<\/div>\t<div class=\"w-grid-json hidden\" onclick='return {&quot;action&quot;:&quot;us_ajax_grid&quot;,&quot;ajax_url&quot;:&quot;https:\\\/\\\/ssad.statistics.sk\\\/SSaD\\\/wp-admin\\\/admin-ajax.php&quot;,&quot;infinite_scroll&quot;:0,&quot;max_num_pages&quot;:1,&quot;pagination&quot;:&quot;none&quot;,&quot;permalink_url&quot;:&quot;https:\\\/\\\/ssad.statistics.sk\\\/SSaD\\\/wp-json\\\/wp\\\/v2\\\/pages\\\/4774&quot;,&quot;template_vars&quot;:{&quot;columns&quot;:&quot;1&quot;,&quot;exclude_items&quot;:&quot;none&quot;,&quot;img_size&quot;:&quot;default&quot;,&quot;ignore_items_size&quot;:0,&quot;items_layout&quot;:&quot;146&quot;,&quot;items_offset&quot;:&quot;1&quot;,&quot;load_animation&quot;:&quot;none&quot;,&quot;overriding_link&quot;:&quot;none&quot;,&quot;post_id&quot;:4769,&quot;query_args&quot;:{&quot;post_type&quot;:[&quot;post&quot;],&quot;tax_query&quot;:[{&quot;taxonomy&quot;:&quot;category&quot;,&quot;field&quot;:&quot;slug&quot;,&quot;terms&quot;:[&quot;2-2026-informative-articles-opinions-reviews-interviews-information&quot;]}],&quot;post_status&quot;:[&quot;publish&quot;],&quot;posts_per_page&quot;:&quot;20&quot;},&quot;orderby_query_args&quot;:{&quot;orderby&quot;:{&quot;date&quot;:&quot;DESC&quot;}},&quot;type&quot;:&quot;grid&quot;,&quot;us_grid_ajax_index&quot;:1,&quot;us_grid_filter_params&quot;:null,&quot;us_grid_index&quot;:2,&quot;_us_grid_post_type&quot;:&quot;post&quot;}}'><\/div>\r\n\t<\/div>\n<\/div><\/div><\/div><\/div><\/div><\/div><\/div><\/section><section class=\"l-section wpb_row us_custom_c4a4bb17 content-comingsoon height_auto\"><div class=\"l-section-h i-cf\"><div class=\"g-cols vc_row via_flex valign_top type_default stacking_default\"><div class=\"vc_col-sm-12 wpb_column vc_column_container\"><div class=\"vc_column-inner\"><div class=\"wpb_wrapper\"><div class=\"wpb_text_column\"><div class=\"wpb_wrapper\"><\/div><\/div><\/div><\/div><\/div><\/div><\/div><\/section>\n","protected":false},"excerpt":{"rendered":"Anatolij Dvure\u010denskij, Matematick\u00fd \u00fastav SAV, v. v. i., Slovensk\u00e1 republika Viktor Witkovsk\u00fd, \u00dastav merania SAV, v. v. i., Slovensk\u00e1 republika Typ \u010dl\u00e1nku: nekrol\u00f3g Strany: 38 - 42 \u010cl\u00e1nok na stiahnutie PDF (1,4 MB, 7 stiahnut\u00ed)","protected":false},"author":8,"featured_media":0,"parent":0,"menu_order":0,"comment_status":"closed","ping_status":"closed","template":"","meta":{"_exactmetrics_skip_tracking":false,"_exactmetrics_sitenote_active":false,"_exactmetrics_sitenote_note":"","_exactmetrics_sitenote_category":0,"footnotes":""},"class_list":["post-4774","page","type-page","status-publish","hentry"],"_links":{"self":[{"href":"https:\/\/ssad.statistics.sk\/SSaD\/index.php\/wp-json\/wp\/v2\/pages\/4774","targetHints":{"allow":["GET"]}}],"collection":[{"href":"https:\/\/ssad.statistics.sk\/SSaD\/index.php\/wp-json\/wp\/v2\/pages"}],"about":[{"href":"https:\/\/ssad.statistics.sk\/SSaD\/index.php\/wp-json\/wp\/v2\/types\/page"}],"author":[{"embeddable":true,"href":"https:\/\/ssad.statistics.sk\/SSaD\/index.php\/wp-json\/wp\/v2\/users\/8"}],"replies":[{"embeddable":true,"href":"https:\/\/ssad.statistics.sk\/SSaD\/index.php\/wp-json\/wp\/v2\/comments?post=4774"}],"version-history":[{"count":9,"href":"https:\/\/ssad.statistics.sk\/SSaD\/index.php\/wp-json\/wp\/v2\/pages\/4774\/revisions"}],"predecessor-version":[{"id":4808,"href":"https:\/\/ssad.statistics.sk\/SSaD\/index.php\/wp-json\/wp\/v2\/pages\/4774\/revisions\/4808"}],"wp:attachment":[{"href":"https:\/\/ssad.statistics.sk\/SSaD\/index.php\/wp-json\/wp\/v2\/media?parent=4774"}],"curies":[{"name":"wp","href":"https:\/\/api.w.org\/{rel}","templated":true}]}}