{"id":1915,"date":"2017-01-15T12:25:19","date_gmt":"2017-01-15T11:25:19","guid":{"rendered":"https:\/\/ssad.statistics.sk\/SSaD\/?page_id=1915"},"modified":"2024-10-17T10:54:18","modified_gmt":"2024-10-17T08:54:18","slug":"slovenska-statistika-a-demografia-1-2017","status":"publish","type":"page","link":"https:\/\/ssad.statistics.sk\/SSaD\/index.php\/slovenska-statistika-a-demografia-1-2017\/","title":{"rendered":"Slovensk\u00e1 \u0161tatistika a demografia 1\/2017"},"content":{"rendered":"<section class=\"l-section wpb_row padding-top-journal height_auto\"><div class=\"l-section-h i-cf\"><div class=\"g-cols vc_row via_flex valign_top type_default stacking_default\"><div class=\"vc_col-sm-12 wpb_column vc_column_container\"><div class=\"vc_column-inner\"><div class=\"wpb_wrapper\"><div class=\"wpb_text_column\"><div class=\"wpb_wrapper\"><h1>Slovensk\u00e1 \u0161tatistika a demografia 1\/2017<\/h1>\n<\/div><\/div><\/div><\/div><\/div><\/div><\/div><\/section><section class=\"l-section wpb_row us_custom_18c73a72 height_auto\"><div class=\"l-section-h i-cf\"><div class=\"g-cols vc_row via_flex valign_top type_default stacking_default\"><div class=\"vc_col-sm-2 wpb_column vc_column_container\"><div class=\"vc_column-inner\"><div class=\"wpb_wrapper\"><div class=\"w-image style_outlined align_none\"><div class=\"w-image-h\"><img loading=\"lazy\" decoding=\"async\" width=\"142\" height=\"190\" src=\"https:\/\/ssad.statistics.sk\/SSaD\/wp-content\/uploads\/2020\/01\/SSaD2017_142x190.png\" class=\"attachment-full size-full\" alt=\"\" \/><\/div><\/div><\/div><\/div><\/div><div class=\"vc_col-sm-6 wpb_column vc_column_container\"><div class=\"vc_column-inner\"><div class=\"wpb_wrapper\">[vc_raw_html]JTNDZGl2JTIwY2xhc3MlM0QlMjJkZXRhaWwlMjIlM0UlMjAlMEElMjAlMjAlMjAlMjAlM0NwJTNFUG8lQzQlOERldCUyMHN0ciVDMyVBMW4lM0ElMjA4NSUzQyUyRnAlM0UlMEElMjAlMjAlMjAlMjAlM0NwJTNFUGVyaW9kaWNpdGElM0ElMjA0LWtyJUMzJUExdCUyMHJvJUM0JThEbmUlM0MlMkZwJTNFJTIwJTIwJTIwJTBBJTIwJTIwJTIwJTIwJTNDcCUzRUlTU04lM0ElMjAxMzM5LTY4NTQlMjAlMjhvbmxpbmUlMjklM0MlMkZwJTNFJTBBJTIwJTIwJTIwJTIwJTNDcCUzRSUzQ3NwYW4lMjBzdHlsZSUzRCUyMnBhZGRpbmctbGVmdCUzQSUyMDQ3cHglM0IlMjIlM0UxMjEwLTEwOTUlMjAlMjh0bGElQzQlOERlbiVDMyVBOSUyMHZ5ZGFuaWUlMjklM0MlMkZzcGFuJTNFJTNDJTJGcCUzRSUwQSUzQyUyRmRpdiUzRQ==[\/vc_raw_html]<\/div><\/div><\/div><div class=\"vc_col-sm-4 wpb_column vc_column_container\"><div class=\"vc_column-inner\"><div class=\"wpb_wrapper\">[vc_raw_html css=&#8220;.vc_custom_1578914605431{margin-top: 3.35em !important;}&#8220; el_class=&#8220;download-content&#8220;]JTNDZGl2JTNFJTIwJTIwJTIwJTIwJTBBJTIwJTIwJTIwJTIwJTNDcCUzRSUzQ3NwYW4lMjBzdHlsZSUzRCUyMmxpbmUtaGVpZ2h0JTNBJTIwMi4xZW0lM0IlMjBwYWRkaW5nLWxlZnQlM0ElMjAwcHglM0IlMjBjb2xvciUzQSUyMCUyMzFlNGU5ZCUzQiUyMiUzRUtvbXBsZXRuJUMzJUE5JTIwJUM0JThEJUMzJUFEc2xvJTNDJTJGc3BhbiUzRSUzQ2JyJTNFJTIwJTVCZG93bmxvYWQlMjBpZCUzRCUyMjE3OCUyMiU1RCUyMHN0aWFobnV0JUMzJUFEJTI5JTNDJTJGc3BhbiUzRSUzQyUyRnAlM0UlMEElM0MlMkZkaXYlM0U=[\/vc_raw_html]<\/div><\/div><\/div><\/div><\/div><\/section><section class=\"l-section wpb_row us_custom_5c07cc07 height_auto\"><div class=\"l-section-h i-cf\"><div class=\"g-cols vc_row via_flex valign_top type_default stacking_default\"><div class=\"vc_col-sm-12 wpb_column vc_column_container\"><div class=\"vc_column-inner\"><div class=\"wpb_wrapper\"><div class=\"w-separator us_custom_fd420121 has_text_color size_medium with_line width_default thick_1 style_dashed color_border align_center\"><div class=\"w-separator-h\"><\/div><\/div><\/div><\/div><\/div><\/div><\/div><\/section><section class=\"l-section wpb_row us_custom_85c8db04 height_auto\"><div class=\"l-section-h i-cf\"><div class=\"g-cols vc_row via_flex valign_top type_default stacking_default\"><div class=\"vc_col-sm-12 wpb_column vc_column_container\"><div class=\"vc_column-inner\"><div class=\"wpb_wrapper\"><div class=\"wpb_text_column\"><div class=\"wpb_wrapper\"><h2>VEDECK\u00c9 \u010cL\u00c1NKY<\/h2>\n<div class=\"w-grid us_custom_2b991ef7 type_grid layout_146\" id=\"us_grid_1\" data-filterable=\"true\"><style>#us_grid_1 .w-grid-item:not(:last-child){margin-bottom:2.5rem}#us_grid_1 .g-loadmore{margin-top:2.5rem}.layout_146 .w-grid-item-h{}.layout_146 .usg_post_title_1{font-family:var(--font-body)!important;font-size:21px!important}.layout_146 .usg_post_date_1{font-family:var(--font-body)!important;font-size:0.9rem!important}.layout_146 .usg_post_content_1{margin-top:0.5rem!important;font-family:var(--font-body)!important}@media (max-width:600px){.layout_146 .usg_post_title_1{font-size:18px!important}}<\/style><div class=\"w-grid-list\">\t<article class=\"w-grid-item size_1x1 post-2063 post type-post status-publish format-standard hentry category-1-2017-vedecke-clanky tag-autor-ivan-lichner tag-deficity tag-dochodkovy-system tag-populacne-starnutie tag-stochasticka-simulacia\" data-id=\"2063\">\r\n\t\t<div class=\"w-grid-item-h\">\r\n\t\t\t\t\t\t<h2 class=\"w-post-elm post_title usg_post_title_1 entry-title color_link_inherit\"><a href=\"https:\/\/ssad.statistics.sk\/SSaD\/index.php\/buduce-deficity-prveho-piliera-slovenskeho-dochodkoveho-systemu\/\">Bud\u00face deficity prv\u00e9ho piliera slovensk\u00e9ho d\u00f4chodkov\u00e9ho syst\u00e9mu<\/a><\/h2><time class=\"w-post-elm post_date usg_post_date_1 entry-date published\" datetime=\"2017-01-15T11:40:23+01:00\"><i class=\"far fa-clock\"><\/i>15. janu\u00e1ra 2017<\/time><div class=\"w-post-elm post_content usg_post_content_1\"><p>Ivan Lichner, Ekonomick\u00fd \u00fastav Slovenskej akad\u00e9mie vied, Slovensk\u00e1 republika<\/p>\n<p> <a href=\"https:\/\/ssad.statistics.sk\/SSaD\/index.php\/buduce-deficity-prveho-piliera-slovenskeho-dochodkoveho-systemu\/#more-2063\" class=\"more-link\"><span aria-label=\"\u010c\u00edta\u0165 \u010falej Bud\u00face deficity prv\u00e9ho piliera slovensk\u00e9ho d\u00f4chodkov\u00e9ho syst\u00e9mu\">(viac&hellip;)<\/span><\/a><\/p>\n<\/div>\t\t<\/div>\r\n\t<\/article>\r\n\t<article class=\"w-grid-item size_1x1 post-2066 post type-post status-publish format-standard hentry category-1-2017-vedecke-clanky tag-analyza-rizik tag-autor-michal-pales tag-jazyk-r tag-kopula-funkcie tag-miery-zavislosti tag-solventnost-ii\" data-id=\"2066\">\r\n\t\t<div class=\"w-grid-item-h\">\r\n\t\t\t\t\t\t<h2 class=\"w-post-elm post_title usg_post_title_1 entry-title color_link_inherit\"><a href=\"https:\/\/ssad.statistics.sk\/SSaD\/index.php\/vyuzitie-kopula-funkcii-pri-agregacii-rizik\/\">Vyu\u017eitie kopula funkci\u00ed pri agreg\u00e1cii riz\u00edk<\/a><\/h2><time class=\"w-post-elm post_date usg_post_date_1 entry-date published\" datetime=\"2017-01-15T11:39:31+01:00\"><i class=\"far fa-clock\"><\/i>15. janu\u00e1ra 2017<\/time><div class=\"w-post-elm post_content usg_post_content_1\"><p>Michal P\u00e1le\u0161, Fakulta hospod\u00e1rskej informatiky, Ekonomick\u00e1 univerzita v Bratislave, Slovensk\u00e1 republika<\/p>\n<p> <a href=\"https:\/\/ssad.statistics.sk\/SSaD\/index.php\/vyuzitie-kopula-funkcii-pri-agregacii-rizik\/#more-2066\" class=\"more-link\"><span aria-label=\"\u010c\u00edta\u0165 \u010falej Vyu\u017eitie kopula funkci\u00ed pri agreg\u00e1cii riz\u00edk\">(viac&hellip;)<\/span><\/a><\/p>\n<\/div>\t\t<\/div>\r\n\t<\/article>\r\n\t<article class=\"w-grid-item size_1x1 post-2069 post type-post status-publish format-standard hentry category-1-2017-vedecke-clanky tag-autor-pavol-durcek tag-bilancia-pohybu-obyvatelstva tag-digitalizacia tag-porovnatelnost-dat tag-uroven-obci\" data-id=\"2069\">\r\n\t\t<div class=\"w-grid-item-h\">\r\n\t\t\t\t\t\t<h2 class=\"w-post-elm post_title usg_post_title_1 entry-title color_link_inherit\"><a href=\"https:\/\/ssad.statistics.sk\/SSaD\/index.php\/udaje-o-bilancii-pohybu-obyvatelstva-v-obciach-v-roku-1972-a-ich-uprava-na-uroven-obci-v-roku-2011\/\">\u00dadaje o bilancii pohybu obyvate\u013estva v obciach v roku 1972 a ich \u00faprava na \u00farove\u0148 obc\u00ed v roku 2011<\/a><\/h2><time class=\"w-post-elm post_date usg_post_date_1 entry-date published\" datetime=\"2017-01-15T11:38:44+01:00\"><i class=\"far fa-clock\"><\/i>15. janu\u00e1ra 2017<\/time><div class=\"w-post-elm post_content usg_post_content_1\"><p>Pavol \u010eur\u010dek, Pr\u00edrodovedeck\u00e1 fakulta, Univerzita Komensk\u00e9ho v Bratislave, Slovensk\u00e1 republika<\/p>\n<p> <a href=\"https:\/\/ssad.statistics.sk\/SSaD\/index.php\/udaje-o-bilancii-pohybu-obyvatelstva-v-obciach-v-roku-1972-a-ich-uprava-na-uroven-obci-v-roku-2011\/#more-2069\" class=\"more-link\"><span aria-label=\"\u010c\u00edta\u0165 \u010falej \u00dadaje o bilancii pohybu obyvate\u013estva v obciach v roku 1972 a ich \u00faprava na \u00farove\u0148 obc\u00ed v roku 2011\">(viac&hellip;)<\/span><\/a><\/p>\n<\/div>\t\t<\/div>\r\n\t<\/article>\r\n\t<article class=\"w-grid-item size_1x1 post-2072 post type-post status-publish format-standard hentry category-1-2017-vedecke-clanky tag-autor-vladimir-mucha tag-demograficke-ukazovatele tag-doplnky-microsoft-excel tag-power-map tag-power-view tag-vizualizacia\" data-id=\"2072\">\r\n\t\t<div class=\"w-grid-item-h\">\r\n\t\t\t\t\t\t<h2 class=\"w-post-elm post_title usg_post_title_1 entry-title color_link_inherit\"><a href=\"https:\/\/ssad.statistics.sk\/SSaD\/index.php\/vizualizacia-udajov-pomocou-doplnkov-power-view-a-power-map-v-programe-microsoft-excel\/\">Vizualiz\u00e1cia \u00fadajov pomocou doplnkov Power View a Power Map v programe Microsoft Excel<\/a><\/h2><time class=\"w-post-elm post_date usg_post_date_1 entry-date published\" datetime=\"2017-01-15T11:37:28+01:00\"><i class=\"far fa-clock\"><\/i>15. janu\u00e1ra 2017<\/time><div class=\"w-post-elm post_content usg_post_content_1\"><p>Vladim\u00edr Mucha, Fakulta hospod\u00e1rskej informatiky, Ekonomick\u00e1 univerzita v Bratislave, Slovensk\u00e1 republika<\/p>\n<p> <a href=\"https:\/\/ssad.statistics.sk\/SSaD\/index.php\/vizualizacia-udajov-pomocou-doplnkov-power-view-a-power-map-v-programe-microsoft-excel\/#more-2072\" class=\"more-link\"><span aria-label=\"\u010c\u00edta\u0165 \u010falej Vizualiz\u00e1cia \u00fadajov pomocou doplnkov Power View a Power Map v programe Microsoft Excel\">(viac&hellip;)<\/span><\/a><\/p>\n<\/div>\t\t<\/div>\r\n\t<\/article>\r\n<\/div><div class=\"w-grid-preloader\"><div class=\"g-preloader type_1\">\r\n\t<div><\/div>\r\n<\/div>\r\n<\/div>\t<div class=\"w-grid-json hidden\" onclick='return {&quot;action&quot;:&quot;us_ajax_grid&quot;,&quot;ajax_url&quot;:&quot;https:\\\/\\\/ssad.statistics.sk\\\/SSaD\\\/wp-admin\\\/admin-ajax.php&quot;,&quot;infinite_scroll&quot;:0,&quot;max_num_pages&quot;:1,&quot;pagination&quot;:&quot;none&quot;,&quot;permalink_url&quot;:&quot;https:\\\/\\\/ssad.statistics.sk\\\/SSaD\\\/wp-json\\\/wp\\\/v2\\\/pages\\\/1915&quot;,&quot;template_vars&quot;:{&quot;columns&quot;:&quot;1&quot;,&quot;exclude_items&quot;:&quot;none&quot;,&quot;img_size&quot;:&quot;default&quot;,&quot;ignore_items_size&quot;:0,&quot;items_layout&quot;:&quot;146&quot;,&quot;items_offset&quot;:&quot;1&quot;,&quot;load_animation&quot;:&quot;none&quot;,&quot;overriding_link&quot;:&quot;none&quot;,&quot;post_id&quot;:1915,&quot;query_args&quot;:{&quot;post_type&quot;:[&quot;post&quot;],&quot;tax_query&quot;:[{&quot;taxonomy&quot;:&quot;category&quot;,&quot;field&quot;:&quot;slug&quot;,&quot;terms&quot;:[&quot;1-2017-vedecke-clanky&quot;]}],&quot;post_status&quot;:[&quot;publish&quot;],&quot;posts_per_page&quot;:&quot;20&quot;},&quot;orderby_query_args&quot;:{&quot;orderby&quot;:{&quot;date&quot;:&quot;DESC&quot;}},&quot;type&quot;:&quot;grid&quot;,&quot;us_grid_ajax_index&quot;:1,&quot;us_grid_filter_params&quot;:null,&quot;us_grid_index&quot;:1,&quot;_us_grid_post_type&quot;:&quot;post&quot;}}'><\/div>\r\n\t<\/div>\n<\/div><\/div><\/div><\/div><\/div><\/div><\/div><\/section><section class=\"l-section wpb_row us_custom_c4a4bb17 content-information height_auto\"><div class=\"l-section-h i-cf\"><div class=\"g-cols vc_row via_flex valign_top type_default stacking_default\"><div class=\"vc_col-sm-12 wpb_column vc_column_container\"><div class=\"vc_column-inner\"><div class=\"wpb_wrapper\"><div class=\"wpb_text_column\"><div class=\"wpb_wrapper\"><h2>INFORMAT\u00cdVNE \u010cL\u00c1NKY, N\u00c1ZORY, RECENZIE, ROZHOVORY, INFORM\u00c1CIE<\/h2>\n<div class=\"w-grid us_custom_2b991ef7 type_grid layout_146\" id=\"us_grid_2\"><style>#us_grid_2 .w-grid-item:not(:last-child){margin-bottom:2.5rem}#us_grid_2 .g-loadmore{margin-top:2.5rem}<\/style><div class=\"w-grid-list\">\t<article class=\"w-grid-item size_1x1 post-2075 post type-post status-publish format-standard hentry category-1-2017-informativne-clanky-nazory-recenzie-rozhovory-informacie tag-autor-frantisek-bernadic tag-autor-zuzana-stukovska\" data-id=\"2075\">\r\n\t\t<div class=\"w-grid-item-h\">\r\n\t\t\t\t\t\t<h2 class=\"w-post-elm post_title usg_post_title_1 entry-title color_link_inherit\"><a href=\"https:\/\/ssad.statistics.sk\/SSaD\/index.php\/urobili-sme-pre-uspech-slovenskeho-predsednictva-maximum\/\">Urobili sme pre \u00faspech slovensk\u00e9ho predsedn\u00edctva maximum<\/a><\/h2><time class=\"w-post-elm post_date usg_post_date_1 entry-date published\" datetime=\"2017-01-15T11:36:14+01:00\"><i class=\"far fa-clock\"><\/i>15. janu\u00e1ra 2017<\/time><div class=\"w-post-elm post_content usg_post_content_1\"><p>Franti\u0161ek Bernadi\u010d, Zuzana \u0160tukovsk\u00e1, \u0160tatistick\u00fd \u00farad Slovenskej republiky, Slovensk\u00e1 republika<\/p>\n<p> <a href=\"https:\/\/ssad.statistics.sk\/SSaD\/index.php\/urobili-sme-pre-uspech-slovenskeho-predsednictva-maximum\/#more-2075\" class=\"more-link\"><span aria-label=\"\u010c\u00edta\u0165 \u010falej Urobili sme pre \u00faspech slovensk\u00e9ho predsedn\u00edctva maximum\">(viac&hellip;)<\/span><\/a><\/p>\n<\/div>\t\t<\/div>\r\n\t<\/article>\r\n\t<article class=\"w-grid-item size_1x1 post-2078 post type-post status-publish format-standard hentry category-1-2017-informativne-clanky-nazory-recenzie-rozhovory-informacie tag-autor-ludmila-benkovicova-2\" data-id=\"2078\">\r\n\t\t<div class=\"w-grid-item-h\">\r\n\t\t\t\t\t\t<h2 class=\"w-post-elm post_title usg_post_title_1 entry-title color_link_inherit\"><a href=\"https:\/\/ssad.statistics.sk\/SSaD\/index.php\/slovenska-statistika-na-ceste-modernizacie\/\">Slovensk\u00e1 \u0161tatistika na ceste moderniz\u00e1cie<\/a><\/h2><time class=\"w-post-elm post_date usg_post_date_1 entry-date published\" datetime=\"2017-01-15T11:35:17+01:00\"><i class=\"far fa-clock\"><\/i>15. janu\u00e1ra 2017<\/time><div class=\"w-post-elm post_content usg_post_content_1\"><p>\u013dudmila Benkovi\u010dov\u00e1, \u0160tatistick\u00fd \u00farad Slovenskej republiky, Slovensk\u00e1 republika<\/p>\n<p> <a href=\"https:\/\/ssad.statistics.sk\/SSaD\/index.php\/slovenska-statistika-na-ceste-modernizacie\/#more-2078\" class=\"more-link\"><span aria-label=\"\u010c\u00edta\u0165 \u010falej Slovensk\u00e1 \u0161tatistika na ceste moderniz\u00e1cie\">(viac&hellip;)<\/span><\/a><\/p>\n<\/div>\t\t<\/div>\r\n\t<\/article>\r\n\t<article class=\"w-grid-item size_1x1 post-2081 post type-post status-publish format-standard hentry category-1-2017-informativne-clanky-nazory-recenzie-rozhovory-informacie tag-autor-ludmila-ivancikova\" data-id=\"2081\">\r\n\t\t<div class=\"w-grid-item-h\">\r\n\t\t\t\t\t\t<h2 class=\"w-post-elm post_title usg_post_title_1 entry-title color_link_inherit\"><a href=\"https:\/\/ssad.statistics.sk\/SSaD\/index.php\/vyznam-statistiky-o-prijme-spotrebe-a-majetku-rastie\/\">V\u00fdznam \u0161tatistiky o pr\u00edjme, spotrebe a majetku rastie<\/a><\/h2><time class=\"w-post-elm post_date usg_post_date_1 entry-date published\" datetime=\"2017-01-15T11:34:47+01:00\"><i class=\"far fa-clock\"><\/i>15. janu\u00e1ra 2017<\/time><div class=\"w-post-elm post_content usg_post_content_1\"><p>\u013dudmila Ivan\u010d\u00edkov\u00e1, \u0160tatistick\u00fd \u00farad Slovenskej republiky, Slovensk\u00e1 republika<\/p>\n<p> <a href=\"https:\/\/ssad.statistics.sk\/SSaD\/index.php\/vyznam-statistiky-o-prijme-spotrebe-a-majetku-rastie\/#more-2081\" class=\"more-link\"><span aria-label=\"\u010c\u00edta\u0165 \u010falej V\u00fdznam \u0161tatistiky o pr\u00edjme, spotrebe a majetku rastie\">(viac&hellip;)<\/span><\/a><\/p>\n<\/div>\t\t<\/div>\r\n\t<\/article>\r\n\t<article class=\"w-grid-item size_1x1 post-2084 post type-post status-publish format-standard hentry category-1-2017-informativne-clanky-nazory-recenzie-rozhovory-informacie tag-autor-elena-benkova\" data-id=\"2084\">\r\n\t\t<div class=\"w-grid-item-h\">\r\n\t\t\t\t\t\t<h2 class=\"w-post-elm post_title usg_post_title_1 entry-title color_link_inherit\"><a href=\"https:\/\/ssad.statistics.sk\/SSaD\/index.php\/statistici-potrebuju-vediet-ako-ich-pracu-vnima-verejnost\/\">\u0160tatistici potrebuj\u00fa vedie\u0165, ako ich pr\u00e1cu vn\u00edma verejnos\u0165<\/a><\/h2><time class=\"w-post-elm post_date usg_post_date_1 entry-date published\" datetime=\"2017-01-15T11:33:52+01:00\"><i class=\"far fa-clock\"><\/i>15. janu\u00e1ra 2017<\/time><div class=\"w-post-elm post_content usg_post_content_1\"><p>Elena Benkov\u00e1, \u0160tatistick\u00fd \u00farad Slovenskej republiky, Slovensk\u00e1 republika<\/p>\n<p> <a href=\"https:\/\/ssad.statistics.sk\/SSaD\/index.php\/statistici-potrebuju-vediet-ako-ich-pracu-vnima-verejnost\/#more-2084\" class=\"more-link\"><span aria-label=\"\u010c\u00edta\u0165 \u010falej \u0160tatistici potrebuj\u00fa vedie\u0165, ako ich pr\u00e1cu vn\u00edma verejnos\u0165\">(viac&hellip;)<\/span><\/a><\/p>\n<\/div>\t\t<\/div>\r\n\t<\/article>\r\n\t<article class=\"w-grid-item size_1x1 post-2088 post type-post status-publish format-standard hentry category-1-2017-informativne-clanky-nazory-recenzie-rozhovory-informacie tag-autor-katarina-ziakova\" data-id=\"2088\">\r\n\t\t<div class=\"w-grid-item-h\">\r\n\t\t\t\t\t\t<h2 class=\"w-post-elm post_title usg_post_title_1 entry-title color_link_inherit\"><a href=\"https:\/\/ssad.statistics.sk\/SSaD\/index.php\/perspektivy-vyuzivania-scanner-data-v-oficialnej-statistike-poznatky-z-medzinarodneho-seminara-v-bratislave\/\">Perspekt\u00edvy vyu\u017e\u00edvania scanner data v ofici\u00e1lnej \u0161tatistike. Poznatky z medzin\u00e1rodn\u00e9ho semin\u00e1ra v Bratislave<\/a><\/h2><time class=\"w-post-elm post_date usg_post_date_1 entry-date published\" datetime=\"2017-01-15T11:32:56+01:00\"><i class=\"far fa-clock\"><\/i>15. janu\u00e1ra 2017<\/time><div class=\"w-post-elm post_content usg_post_content_1\"><p>Katar\u00edna \u017diakov\u00e1, \u0160tatistick\u00fd \u00farad Slovenskej republiky, Slovensk\u00e1 republika<\/p>\n<p> <a href=\"https:\/\/ssad.statistics.sk\/SSaD\/index.php\/perspektivy-vyuzivania-scanner-data-v-oficialnej-statistike-poznatky-z-medzinarodneho-seminara-v-bratislave\/#more-2088\" class=\"more-link\"><span aria-label=\"\u010c\u00edta\u0165 \u010falej Perspekt\u00edvy vyu\u017e\u00edvania scanner data v ofici\u00e1lnej \u0161tatistike. Poznatky z medzin\u00e1rodn\u00e9ho semin\u00e1ra v Bratislave\">(viac&hellip;)<\/span><\/a><\/p>\n<\/div>\t\t<\/div>\r\n\t<\/article>\r\n\t<article class=\"w-grid-item size_1x1 post-2091 post type-post status-publish format-standard hentry category-1-2017-informativne-clanky-nazory-recenzie-rozhovory-informacie tag-autor-janka-fillova\" data-id=\"2091\">\r\n\t\t<div class=\"w-grid-item-h\">\r\n\t\t\t\t\t\t<h2 class=\"w-post-elm post_title usg_post_title_1 entry-title color_link_inherit\"><a href=\"https:\/\/ssad.statistics.sk\/SSaD\/index.php\/domacnosti-na-slovensku-najviac-minaju-na-potraviny-byvanie-a-dopravu\/\">Dom\u00e1cnosti na Slovensku najviac m\u00ed\u0148aj\u00fa na potraviny, b\u00fdvanie a dopravu<\/a><\/h2><time class=\"w-post-elm post_date usg_post_date_1 entry-date published\" datetime=\"2017-01-15T11:31:19+01:00\"><i class=\"far fa-clock\"><\/i>15. janu\u00e1ra 2017<\/time><div class=\"w-post-elm post_content usg_post_content_1\"><p>Janka Fillov\u00e1, \u0160tatistick\u00fd \u00farad Slovenskej republiky, Slovensk\u00e1 republika<\/p>\n<p> <a href=\"https:\/\/ssad.statistics.sk\/SSaD\/index.php\/domacnosti-na-slovensku-najviac-minaju-na-potraviny-byvanie-a-dopravu\/#more-2091\" class=\"more-link\"><span aria-label=\"\u010c\u00edta\u0165 \u010falej Dom\u00e1cnosti na Slovensku najviac m\u00ed\u0148aj\u00fa na potraviny, b\u00fdvanie a dopravu\">(viac&hellip;)<\/span><\/a><\/p>\n<\/div>\t\t<\/div>\r\n\t<\/article>\r\n\t<article class=\"w-grid-item size_1x1 post-2094 post type-post status-publish format-standard hentry category-1-2017-informativne-clanky-nazory-recenzie-rozhovory-informacie tag-autor-iveta-stankovicova\" data-id=\"2094\">\r\n\t\t<div class=\"w-grid-item-h\">\r\n\t\t\t\t\t\t<h2 class=\"w-post-elm post_title usg_post_title_1 entry-title color_link_inherit\"><a href=\"https:\/\/ssad.statistics.sk\/SSaD\/index.php\/zdravie-a-zdravotna-starostlivost-na-slovensku-nerovnosti-v-zdravi\/\">Zdravie a zdravotn\u00e1 starostlivos\u0165 na Slovensku \u2013 nerovnosti v zdrav\u00ed<\/a><\/h2><time class=\"w-post-elm post_date usg_post_date_1 entry-date published\" datetime=\"2017-01-15T11:30:55+01:00\"><i class=\"far fa-clock\"><\/i>15. janu\u00e1ra 2017<\/time><div class=\"w-post-elm post_content usg_post_content_1\"><p>Iveta Stankovi\u010dov\u00e1, Fakulta managementu, Univerzita Komensk\u00e9ho v Bratislave, Slovensk\u00e1 republika<\/p>\n<p> <a href=\"https:\/\/ssad.statistics.sk\/SSaD\/index.php\/zdravie-a-zdravotna-starostlivost-na-slovensku-nerovnosti-v-zdravi\/#more-2094\" class=\"more-link\"><span aria-label=\"\u010c\u00edta\u0165 \u010falej Zdravie a zdravotn\u00e1 starostlivos\u0165 na Slovensku \u2013 nerovnosti v zdrav\u00ed\">(viac&hellip;)<\/span><\/a><\/p>\n<\/div>\t\t<\/div>\r\n\t<\/article>\r\n\t<article class=\"w-grid-item size_1x1 post-2097 post type-post status-publish format-standard hentry category-1-2017-informativne-clanky-nazory-recenzie-rozhovory-informacie tag-autor-zuzana-podmanicka\" data-id=\"2097\">\r\n\t\t<div class=\"w-grid-item-h\">\r\n\t\t\t\t\t\t<h2 class=\"w-post-elm post_title usg_post_title_1 entry-title color_link_inherit\"><a href=\"https:\/\/ssad.statistics.sk\/SSaD\/index.php\/za-docentom-jozefom-brezakom-1-oktobra-2016-zomrel-vo-veku-76-rokov-vyznamny-slovensky-statistik\/\">Za docentom Jozefom Brez\u00e1kom.  1. okt\u00f3bra 2016 zomrel vo veku 76 rokov v\u00fdznamn\u00fd slovensk\u00fd \u0161tatistik<\/a><\/h2><time class=\"w-post-elm post_date usg_post_date_1 entry-date published\" datetime=\"2017-01-15T11:29:50+01:00\"><i class=\"far fa-clock\"><\/i>15. janu\u00e1ra 2017<\/time><div class=\"w-post-elm post_content usg_post_content_1\"><p>Zuzana Podmanick\u00e1, \u0160tatistick\u00fd \u00farad Slovenskej republiky, Slovensk\u00e1 republika<\/p>\n<p> <a href=\"https:\/\/ssad.statistics.sk\/SSaD\/index.php\/za-docentom-jozefom-brezakom-1-oktobra-2016-zomrel-vo-veku-76-rokov-vyznamny-slovensky-statistik\/#more-2097\" class=\"more-link\"><span aria-label=\"\u010c\u00edta\u0165 \u010falej Za docentom Jozefom Brez\u00e1kom.  1. okt\u00f3bra 2016 zomrel vo veku 76 rokov v\u00fdznamn\u00fd slovensk\u00fd \u0161tatistik\">(viac&hellip;)<\/span><\/a><\/p>\n<\/div>\t\t<\/div>\r\n\t<\/article>\r\n<\/div><div class=\"w-grid-preloader\"><div class=\"g-preloader type_1\">\r\n\t<div><\/div>\r\n<\/div>\r\n<\/div>\t<div class=\"w-grid-json hidden\" onclick='return {&quot;action&quot;:&quot;us_ajax_grid&quot;,&quot;ajax_url&quot;:&quot;https:\\\/\\\/ssad.statistics.sk\\\/SSaD\\\/wp-admin\\\/admin-ajax.php&quot;,&quot;infinite_scroll&quot;:0,&quot;max_num_pages&quot;:1,&quot;pagination&quot;:&quot;none&quot;,&quot;permalink_url&quot;:&quot;https:\\\/\\\/ssad.statistics.sk\\\/SSaD\\\/wp-json\\\/wp\\\/v2\\\/pages\\\/1915&quot;,&quot;template_vars&quot;:{&quot;columns&quot;:&quot;1&quot;,&quot;exclude_items&quot;:&quot;none&quot;,&quot;img_size&quot;:&quot;default&quot;,&quot;ignore_items_size&quot;:0,&quot;items_layout&quot;:&quot;146&quot;,&quot;items_offset&quot;:&quot;1&quot;,&quot;load_animation&quot;:&quot;none&quot;,&quot;overriding_link&quot;:&quot;none&quot;,&quot;post_id&quot;:2072,&quot;query_args&quot;:{&quot;post_type&quot;:[&quot;post&quot;],&quot;tax_query&quot;:[{&quot;taxonomy&quot;:&quot;category&quot;,&quot;field&quot;:&quot;slug&quot;,&quot;terms&quot;:[&quot;1-2017-informativne-clanky-nazory-recenzie-rozhovory-informacie&quot;]}],&quot;post_status&quot;:[&quot;publish&quot;],&quot;posts_per_page&quot;:&quot;20&quot;},&quot;orderby_query_args&quot;:{&quot;orderby&quot;:{&quot;date&quot;:&quot;DESC&quot;}},&quot;type&quot;:&quot;grid&quot;,&quot;us_grid_ajax_index&quot;:1,&quot;us_grid_filter_params&quot;:null,&quot;us_grid_index&quot;:2,&quot;_us_grid_post_type&quot;:&quot;post&quot;}}'><\/div>\r\n\t<\/div>\n<h2><\/h2>\n<h2><\/h2>\n<h2>PRIPRAVUJEME<\/h2>\n<p>&nbsp;<\/p>\n<h2 class=\"soon1\">Anal\u00fdzy \u010dasov\u00fdch \u0159ad pomoc\u00ed programovac\u00edho jazyka R<\/h2>\n<p>Roman Pavelka, \u0160tatistick\u00fd \u00farad Slovenskej republiky, Slovensk\u00e1 republika<\/p>\n<h2 class=\"soon\">V\u00fdskum \u0161trukt\u00fary a hodnoty neplatenej pr\u00e1ce v dom\u00e1cnostiach na Slovensku<\/h2>\n<p>Alena Ka\u0161\u010d\u00e1kov\u00e1, Gabriela Nedelov\u00e1, Ekonomick\u00e1 fakulta, Univerzita Mateja Bela v Banskej Bystrici, Slovensk\u00e1 republika<\/p>\n<h2 class=\"soon1\">Rizik\u00e1 hodnotenia zdravotn\u00e9ho stavu obyvate\u013estva Slovenska prostredn\u00edctvom v\u00fdberov\u00fdch zis\u0165ovan\u00ed EHIS a EU SILC<\/h2>\n<p>Branislav \u0160procha, INFOSTAT \u2013 V\u00fdskumn\u00e9 demografick\u00e9 centrum, Slovensk\u00e1 republika<\/p>\n<\/div><\/div><\/div><\/div><\/div><\/div><\/div><\/section>\n","protected":false},"excerpt":{"rendered":"Zuzana Podmanick\u00e1, \u0160tatistick\u00fd \u00farad Slovenskej republiky, Slovensk\u00e1 republika Typ \u010dl\u00e1nku: nekrol\u00f3g Strany: 81 &nbsp; \u010cl\u00e1nok na stiahnutie PDF (708,5 KB, 520 stiahnut\u00ed)","protected":false},"author":4,"featured_media":0,"parent":0,"menu_order":0,"comment_status":"closed","ping_status":"closed","template":"","meta":{"_exactmetrics_skip_tracking":false,"_exactmetrics_sitenote_active":false,"_exactmetrics_sitenote_note":"","_exactmetrics_sitenote_category":0,"footnotes":""},"class_list":["post-1915","page","type-page","status-publish","hentry"],"_links":{"self":[{"href":"https:\/\/ssad.statistics.sk\/SSaD\/index.php\/wp-json\/wp\/v2\/pages\/1915","targetHints":{"allow":["GET"]}}],"collection":[{"href":"https:\/\/ssad.statistics.sk\/SSaD\/index.php\/wp-json\/wp\/v2\/pages"}],"about":[{"href":"https:\/\/ssad.statistics.sk\/SSaD\/index.php\/wp-json\/wp\/v2\/types\/page"}],"author":[{"embeddable":true,"href":"https:\/\/ssad.statistics.sk\/SSaD\/index.php\/wp-json\/wp\/v2\/users\/4"}],"replies":[{"embeddable":true,"href":"https:\/\/ssad.statistics.sk\/SSaD\/index.php\/wp-json\/wp\/v2\/comments?post=1915"}],"version-history":[{"count":8,"href":"https:\/\/ssad.statistics.sk\/SSaD\/index.php\/wp-json\/wp\/v2\/pages\/1915\/revisions"}],"predecessor-version":[{"id":4312,"href":"https:\/\/ssad.statistics.sk\/SSaD\/index.php\/wp-json\/wp\/v2\/pages\/1915\/revisions\/4312"}],"wp:attachment":[{"href":"https:\/\/ssad.statistics.sk\/SSaD\/index.php\/wp-json\/wp\/v2\/media?parent=1915"}],"curies":[{"name":"wp","href":"https:\/\/api.w.org\/{rel}","templated":true}]}}