{"id":1909,"date":"2016-10-15T11:37:14","date_gmt":"2016-10-15T09:37:14","guid":{"rendered":"https:\/\/ssad.statistics.sk\/SSaD\/?page_id=1909"},"modified":"2024-10-15T12:41:37","modified_gmt":"2024-10-15T10:41:37","slug":"slovenska-statistika-a-demografia-4-2016","status":"publish","type":"page","link":"https:\/\/ssad.statistics.sk\/SSaD\/index.php\/slovenska-statistika-a-demografia-4-2016\/","title":{"rendered":"Slovensk\u00e1 \u0161tatistika a demografia 4\/2016"},"content":{"rendered":"<section class=\"l-section wpb_row padding-top-journal height_auto\"><div class=\"l-section-h i-cf\"><div class=\"g-cols vc_row via_flex valign_top type_default stacking_default\"><div class=\"vc_col-sm-12 wpb_column vc_column_container\"><div class=\"vc_column-inner\"><div class=\"wpb_wrapper\"><div class=\"wpb_text_column\"><div class=\"wpb_wrapper\"><h1><\/h1>\n<h1>Slovensk\u00e1 \u0161tatistika a demografia 4\/2016<\/h1>\n<\/div><\/div><\/div><\/div><\/div><\/div><\/div><\/section><section class=\"l-section wpb_row us_custom_18c73a72 height_auto\"><div class=\"l-section-h i-cf\"><div class=\"g-cols vc_row via_flex valign_top type_default stacking_default\"><div class=\"vc_col-sm-2 wpb_column vc_column_container\"><div class=\"vc_column-inner\"><div class=\"wpb_wrapper\"><div class=\"w-image style_outlined align_none\"><div class=\"w-image-h\"><img loading=\"lazy\" decoding=\"async\" width=\"142\" height=\"190\" src=\"https:\/\/ssad.statistics.sk\/SSaD\/wp-content\/uploads\/2020\/01\/SSaD2016_142x190.png\" class=\"attachment-full size-full\" alt=\"\" \/><\/div><\/div><\/div><\/div><\/div><div class=\"vc_col-sm-6 wpb_column vc_column_container\"><div class=\"vc_column-inner\"><div class=\"wpb_wrapper\">[vc_raw_html]JTNDZGl2JTIwY2xhc3MlM0QlMjJkZXRhaWwlMjIlM0UlMjAlMEElMjAlMjAlMjAlMjAlM0NwJTNFUG8lQzQlOERldCUyMHN0ciVDMyVBMW4lM0ElMjA4MyUzQyUyRnAlM0UlMEElMjAlMjAlMjAlMjAlM0NwJTNFUGVyaW9kaWNpdGElM0ElMjA0LWtyJUMzJUExdCUyMHJvJUM0JThEbmUlM0MlMkZwJTNFJTIwJTIwJTIwJTBBJTIwJTIwJTIwJTIwJTNDcCUzRUlTU04lM0ElMjAxMzM5LTY4NTQlMjAlMjhvbmxpbmUlMjklM0MlMkZwJTNFJTBBJTIwJTIwJTIwJTIwJTNDcCUzRSUzQ3NwYW4lMjBzdHlsZSUzRCUyMnBhZGRpbmctbGVmdCUzQSUyMDQ3cHglM0IlMjIlM0UxMjEwLTEwOTUlMjAlMjh0bGElQzQlOERlbiVDMyVBOSUyMHZ5ZGFuaWUlMjklM0MlMkZzcGFuJTNFJTNDJTJGcCUzRSUwQSUzQyUyRmRpdiUzRQ==[\/vc_raw_html]<\/div><\/div><\/div><div class=\"vc_col-sm-4 wpb_column vc_column_container\"><div class=\"vc_column-inner\"><div class=\"wpb_wrapper\">[vc_raw_html css=&#8220;.vc_custom_1578911710275{margin-top: 3.35em !important;}&#8220; el_class=&#8220;download-content&#8220;]JTNDZGl2JTNFJTIwJTIwJTIwJTIwJTBBJTIwJTIwJTIwJTIwJTNDcCUzRSUzQ3NwYW4lMjBzdHlsZSUzRCUyMmxpbmUtaGVpZ2h0JTNBJTIwMi4xZW0lM0IlMjBwYWRkaW5nLWxlZnQlM0ElMjAwcHglM0IlMjBjb2xvciUzQSUyMCUyMzFlNGU5ZCUzQiUyMiUzRUtvbXBsZXRuJUMzJUE5JTIwJUM0JThEJUMzJUFEc2xvJTNDJTJGc3BhbiUzRSUzQ2JyJTNFJTIwJTVCZG93bmxvYWQlMjBpZCUzRCUyMjE3NyUyMiU1RCUyMHN0aWFobnV0JUMzJUFEJTI5JTNDJTJGc3BhbiUzRSUzQyUyRnAlM0UlMEElM0MlMkZkaXYlM0U=[\/vc_raw_html]<\/div><\/div><\/div><\/div><\/div><\/section><section class=\"l-section wpb_row us_custom_5c07cc07 height_auto\"><div class=\"l-section-h i-cf\"><div class=\"g-cols vc_row via_flex valign_top type_default stacking_default\"><div class=\"vc_col-sm-12 wpb_column vc_column_container\"><div class=\"vc_column-inner\"><div class=\"wpb_wrapper\"><div class=\"w-separator us_custom_fd420121 has_text_color size_medium with_line width_default thick_1 style_dashed color_border align_center\"><div class=\"w-separator-h\"><\/div><\/div><\/div><\/div><\/div><\/div><\/div><\/section><section class=\"l-section wpb_row us_custom_85c8db04 height_auto\"><div class=\"l-section-h i-cf\"><div class=\"g-cols vc_row via_flex valign_top type_default stacking_default\"><div class=\"vc_col-sm-12 wpb_column vc_column_container\"><div class=\"vc_column-inner\"><div class=\"wpb_wrapper\"><div class=\"wpb_text_column\"><div class=\"wpb_wrapper\"><h2>VEDECK\u00c9 \u010cL\u00c1NKY<\/h2>\n<div class=\"w-grid us_custom_2b991ef7 type_grid layout_146\" id=\"us_grid_1\" data-filterable=\"true\"><style>#us_grid_1 .w-grid-item:not(:last-child){margin-bottom:2.5rem}#us_grid_1 .g-loadmore{margin-top:2.5rem}.layout_146 .w-grid-item-h{}.layout_146 .usg_post_title_1{font-family:var(--font-body)!important;font-size:21px!important}.layout_146 .usg_post_date_1{font-family:var(--font-body)!important;font-size:0.9rem!important}.layout_146 .usg_post_content_1{margin-top:0.5rem!important;font-family:var(--font-body)!important}@media (max-width:600px){.layout_146 .usg_post_title_1{font-size:18px!important}}<\/style><div class=\"w-grid-list\">\t<article class=\"w-grid-item size_1x1 post-2037 post type-post status-publish format-standard hentry category-4-2016-vedecke-clanky tag-autor-jan-klacso tag-autor-stefan-rychtarik tag-urokove-sadzby tag-urokovy-prijem tag-ziskovost-bank\" data-id=\"2037\">\r\n\t\t<div class=\"w-grid-item-h\">\r\n\t\t\t\t\t\t<h2 class=\"w-post-elm post_title usg_post_title_1 entry-title color_link_inherit\"><a href=\"https:\/\/ssad.statistics.sk\/SSaD\/index.php\/vplyv-prostredia-nizkych-urokovych-sadzieb-na-ziskovost-europskych-bankovych-sektorov\/\">Vplyv prostredia n\u00edzkych \u00farokov\u00fdch sadzieb na ziskovos\u0165 eur\u00f3pskych bankov\u00fdch sektorov<\/a><\/h2><time class=\"w-post-elm post_date usg_post_date_1 entry-date published\" datetime=\"2016-10-15T11:40:33+02:00\"><i class=\"far fa-clock\"><\/i>15. okt\u00f3bra 2016<\/time><div class=\"w-post-elm post_content usg_post_content_1\"><p>J\u00e1n Klacso, \u0160tefan Rycht\u00e1rik, N\u00e1rodn\u00e1 banka Slovenska, Slovensk\u00e1 republika<\/p>\n<p> <a href=\"https:\/\/ssad.statistics.sk\/SSaD\/index.php\/vplyv-prostredia-nizkych-urokovych-sadzieb-na-ziskovost-europskych-bankovych-sektorov\/#more-2037\" class=\"more-link\"><span aria-label=\"\u010c\u00edta\u0165 \u010falej Vplyv prostredia n\u00edzkych \u00farokov\u00fdch sadzieb na ziskovos\u0165 eur\u00f3pskych bankov\u00fdch sektorov\">(viac&hellip;)<\/span><\/a><\/p>\n<\/div>\t\t<\/div>\r\n\t<\/article>\r\n\t<article class=\"w-grid-item size_1x1 post-2042 post type-post status-publish format-standard hentry category-4-2016-vedecke-clanky tag-autor-roman-pavelka tag-jazyk-r tag-pocitacova-veda tag-statni-statistika tag-statisticke-analyzy\" data-id=\"2042\">\r\n\t\t<div class=\"w-grid-item-h\">\r\n\t\t\t\t\t\t<h2 class=\"w-post-elm post_title usg_post_title_1 entry-title color_link_inherit\"><a href=\"https:\/\/ssad.statistics.sk\/SSaD\/index.php\/priklady-vyuziti-programovaciho-jazyka-r-pro-statni-statistiku\/\">P\u0159\u00edklady vyu\u017eit\u00ed programovac\u00edho jazyka R pro st\u00e1tn\u00ed statistiku<\/a><\/h2><time class=\"w-post-elm post_date usg_post_date_1 entry-date published\" datetime=\"2016-10-15T11:39:59+02:00\"><i class=\"far fa-clock\"><\/i>15. okt\u00f3bra 2016<\/time><div class=\"w-post-elm post_content usg_post_content_1\"><p>Roman Pavelka, \u0160tatistick\u00fd \u00farad Slovenskej republiky, Slovensk\u00e1 republika<\/p>\n<p> <a href=\"https:\/\/ssad.statistics.sk\/SSaD\/index.php\/priklady-vyuziti-programovaciho-jazyka-r-pro-statni-statistiku\/#more-2042\" class=\"more-link\"><span aria-label=\"\u010c\u00edta\u0165 \u010falej P\u0159\u00edklady vyu\u017eit\u00ed programovac\u00edho jazyka R pro st\u00e1tn\u00ed statistiku\">(viac&hellip;)<\/span><\/a><\/p>\n<\/div>\t\t<\/div>\r\n\t<\/article>\r\n\t<article class=\"w-grid-item size_1x1 post-2045 post type-post status-publish format-standard hentry category-4-2016-vedecke-clanky tag-autor-branislav-sprocha tag-diferencna-analyza tag-ekonomicka-aktivita tag-generacna-plodnost tag-nabozenstvo tag-narodnost tag-rodinny-stav tag-scitanie-2011 tag-slovensko tag-struktura-podla-parity tag-vzdelanie\" data-id=\"2045\">\r\n\t\t<div class=\"w-grid-item-h\">\r\n\t\t\t\t\t\t<h2 class=\"w-post-elm post_title usg_post_title_1 entry-title color_link_inherit\"><a href=\"https:\/\/ssad.statistics.sk\/SSaD\/index.php\/plodnost-zien-slovenska-podla-vysledkov-scitania-2011\/\">Plodnos\u0165 \u017eien Slovenska pod\u013ea v\u00fdsledkov s\u010d\u00edtania 2011<\/a><\/h2><time class=\"w-post-elm post_date usg_post_date_1 entry-date published\" datetime=\"2016-10-15T11:38:45+02:00\"><i class=\"far fa-clock\"><\/i>15. okt\u00f3bra 2016<\/time><div class=\"w-post-elm post_content usg_post_content_1\"><p>Branislav \u0160procha, INFOSTAT \u2013 V\u00fdskumn\u00e9 demografick\u00e9 centrum, Prognostick\u00fd \u00fastav Slovenskej akad\u00e9mie vied,  Slovensk\u00e1 republika<\/p>\n<p> <a href=\"https:\/\/ssad.statistics.sk\/SSaD\/index.php\/plodnost-zien-slovenska-podla-vysledkov-scitania-2011\/#more-2045\" class=\"more-link\"><span aria-label=\"\u010c\u00edta\u0165 \u010falej Plodnos\u0165 \u017eien Slovenska pod\u013ea v\u00fdsledkov s\u010d\u00edtania 2011\">(viac&hellip;)<\/span><\/a><\/p>\n<\/div>\t\t<\/div>\r\n\t<\/article>\r\n<\/div><div class=\"w-grid-preloader\"><div class=\"g-preloader type_1\">\r\n\t<div><\/div>\r\n<\/div>\r\n<\/div>\t<div class=\"w-grid-json hidden\" onclick='return {&quot;action&quot;:&quot;us_ajax_grid&quot;,&quot;ajax_url&quot;:&quot;https:\\\/\\\/ssad.statistics.sk\\\/SSaD\\\/wp-admin\\\/admin-ajax.php&quot;,&quot;infinite_scroll&quot;:0,&quot;max_num_pages&quot;:1,&quot;pagination&quot;:&quot;none&quot;,&quot;permalink_url&quot;:&quot;https:\\\/\\\/ssad.statistics.sk\\\/SSaD\\\/wp-json\\\/wp\\\/v2\\\/pages\\\/1909&quot;,&quot;template_vars&quot;:{&quot;columns&quot;:&quot;1&quot;,&quot;exclude_items&quot;:&quot;none&quot;,&quot;img_size&quot;:&quot;default&quot;,&quot;ignore_items_size&quot;:0,&quot;items_layout&quot;:&quot;146&quot;,&quot;items_offset&quot;:&quot;1&quot;,&quot;load_animation&quot;:&quot;none&quot;,&quot;overriding_link&quot;:&quot;none&quot;,&quot;post_id&quot;:1909,&quot;query_args&quot;:{&quot;post_type&quot;:[&quot;post&quot;],&quot;tax_query&quot;:[{&quot;taxonomy&quot;:&quot;category&quot;,&quot;field&quot;:&quot;slug&quot;,&quot;terms&quot;:[&quot;4-2016-vedecke-clanky&quot;]}],&quot;post_status&quot;:[&quot;publish&quot;],&quot;posts_per_page&quot;:&quot;20&quot;},&quot;orderby_query_args&quot;:{&quot;orderby&quot;:{&quot;date&quot;:&quot;DESC&quot;}},&quot;type&quot;:&quot;grid&quot;,&quot;us_grid_ajax_index&quot;:1,&quot;us_grid_filter_params&quot;:null,&quot;us_grid_index&quot;:1,&quot;_us_grid_post_type&quot;:&quot;post&quot;}}'><\/div>\r\n\t<\/div>\n<\/div><\/div><\/div><\/div><\/div><\/div><\/div><\/section><section class=\"l-section wpb_row us_custom_c4a4bb17 content-information height_auto\"><div class=\"l-section-h i-cf\"><div class=\"g-cols vc_row via_flex valign_top type_default stacking_default\"><div class=\"vc_col-sm-12 wpb_column vc_column_container\"><div class=\"vc_column-inner\"><div class=\"wpb_wrapper\"><div class=\"wpb_text_column\"><div class=\"wpb_wrapper\"><h2>INFORMAT\u00cdVNE \u010cL\u00c1NKY, N\u00c1ZORY, RECENZIE, ROZHOVORY, INFORM\u00c1CIE<\/h2>\n<div class=\"w-grid us_custom_2b991ef7 type_grid layout_146\" id=\"us_grid_2\"><style>#us_grid_2 .w-grid-item:not(:last-child){margin-bottom:2.5rem}#us_grid_2 .g-loadmore{margin-top:2.5rem}<\/style><div class=\"w-grid-list\">\t<article class=\"w-grid-item size_1x1 post-2048 post type-post status-publish format-standard hentry category-4-2016-informativne-clanky-nazory-recenzie-rozhovory-informacie tag-autor-marcela-kacerova tag-autor-radka-horvathova\" data-id=\"2048\">\r\n\t\t<div class=\"w-grid-item-h\">\r\n\t\t\t\t\t\t<h2 class=\"w-post-elm post_title usg_post_title_1 entry-title color_link_inherit\"><a href=\"https:\/\/ssad.statistics.sk\/SSaD\/index.php\/azylovy-a-naturalizacny-proces-na-slovensku\/\">Azylov\u00fd a naturaliza\u010dn\u00fd proces na Slovensku<\/a><\/h2><time class=\"w-post-elm post_date usg_post_date_1 entry-date published\" datetime=\"2016-10-15T11:37:33+02:00\"><i class=\"far fa-clock\"><\/i>15. okt\u00f3bra 2016<\/time><div class=\"w-post-elm post_content usg_post_content_1\"><p>Marcela K\u00e1\u010derov\u00e1, Radka Horv\u00e1thov\u00e1, Pr\u00edrodovedeck\u00e1 fakulta, Univerzita Komensk\u00e9ho v Bratislave, Slovensk\u00e1 republika<\/p>\n<p> <a href=\"https:\/\/ssad.statistics.sk\/SSaD\/index.php\/azylovy-a-naturalizacny-proces-na-slovensku\/#more-2048\" class=\"more-link\"><span aria-label=\"\u010c\u00edta\u0165 \u010falej Azylov\u00fd a naturaliza\u010dn\u00fd proces na Slovensku\">(viac&hellip;)<\/span><\/a><\/p>\n<\/div>\t\t<\/div>\r\n\t<\/article>\r\n\t<article class=\"w-grid-item size_1x1 post-2051 post type-post status-publish format-standard hentry category-4-2016-informativne-clanky-nazory-recenzie-rozhovory-informacie tag-autor-darina-ondrusova tag-autor-zuzana-stukovska\" data-id=\"2051\">\r\n\t\t<div class=\"w-grid-item-h\">\r\n\t\t\t\t\t\t<h2 class=\"w-post-elm post_title usg_post_title_1 entry-title color_link_inherit\"><a href=\"https:\/\/ssad.statistics.sk\/SSaD\/index.php\/verime-ze-vysledky-scitania-ludi-bez-domova-v-bratislave-pomozu-koncepcne-riesit-ich-problemy\/\">Ver\u00edme, \u017ee v\u00fdsledky s\u010d\u00edtania \u013eud\u00ed bez domova v Bratislave pom\u00f4\u017eu koncep\u010dne rie\u0161i\u0165 ich probl\u00e9my<\/a><\/h2><time class=\"w-post-elm post_date usg_post_date_1 entry-date published\" datetime=\"2016-10-15T11:36:47+02:00\"><i class=\"far fa-clock\"><\/i>15. okt\u00f3bra 2016<\/time><div class=\"w-post-elm post_content usg_post_content_1\"><p>Darina Ondru\u0161ov\u00e1, In\u0161tit\u00fat pre v\u00fdskum pr\u00e1ce a rodiny, Slovensk\u00e1 republika<br \/>\nZuzana \u0160tukovsk\u00e1, \u0160tatistick\u00fd \u00farad Slovenskej republiky, Slovensk\u00e1 republika<\/p>\n<p> <a href=\"https:\/\/ssad.statistics.sk\/SSaD\/index.php\/verime-ze-vysledky-scitania-ludi-bez-domova-v-bratislave-pomozu-koncepcne-riesit-ich-problemy\/#more-2051\" class=\"more-link\"><span aria-label=\"\u010c\u00edta\u0165 \u010falej Ver\u00edme, \u017ee v\u00fdsledky s\u010d\u00edtania \u013eud\u00ed bez domova v Bratislave pom\u00f4\u017eu koncep\u010dne rie\u0161i\u0165 ich probl\u00e9my\">(viac&hellip;)<\/span><\/a><\/p>\n<\/div>\t\t<\/div>\r\n\t<\/article>\r\n\t<article class=\"w-grid-item size_1x1 post-2054 post type-post status-publish format-standard hentry category-4-2016-informativne-clanky-nazory-recenzie-rozhovory-informacie tag-autor-iveta-stankovicova\" data-id=\"2054\">\r\n\t\t<div class=\"w-grid-item-h\">\r\n\t\t\t\t\t\t<h2 class=\"w-post-elm post_title usg_post_title_1 entry-title color_link_inherit\"><a href=\"https:\/\/ssad.statistics.sk\/SSaD\/index.php\/statistika-v-krajinach-v4-18-slovenska-statisticka-konferencia\/\">\u0160tatistika v krajin\u00e1ch V4   18. slovensk\u00e1 \u0161tatistick\u00e1 konferencia<\/a><\/h2><time class=\"w-post-elm post_date usg_post_date_1 entry-date published\" datetime=\"2016-10-15T11:35:40+02:00\"><i class=\"far fa-clock\"><\/i>15. okt\u00f3bra 2016<\/time><div class=\"w-post-elm post_content usg_post_content_1\"><p>Iveta Stankovi\u010dov\u00e1, Fakulta managementu, Univerzita Komensk\u00e9ho v Bratislave, Slovensk\u00e1 republika<\/p>\n<p> <a href=\"https:\/\/ssad.statistics.sk\/SSaD\/index.php\/statistika-v-krajinach-v4-18-slovenska-statisticka-konferencia\/#more-2054\" class=\"more-link\"><span aria-label=\"\u010c\u00edta\u0165 \u010falej \u0160tatistika v krajin\u00e1ch V4   18. slovensk\u00e1 \u0161tatistick\u00e1 konferencia\">(viac&hellip;)<\/span><\/a><\/p>\n<\/div>\t\t<\/div>\r\n\t<\/article>\r\n\t<article class=\"w-grid-item size_1x1 post-2057 post type-post status-publish format-standard hentry category-4-2016-informativne-clanky-nazory-recenzie-rozhovory-informacie tag-autor-giancarlo-marone\" data-id=\"2057\">\r\n\t\t<div class=\"w-grid-item-h\">\r\n\t\t\t\t\t\t<h2 class=\"w-post-elm post_title usg_post_title_1 entry-title color_link_inherit\"><a href=\"https:\/\/ssad.statistics.sk\/SSaD\/index.php\/polnohospodarstvo-sa-meni-ale-taliansko-a-slovensko-maju-stale-nieco-spolocne\/\">Po\u013enohospod\u00e1rstvo sa men\u00ed, ale Taliansko a Slovensko maj\u00fa st\u00e1le nie\u010do spolo\u010dn\u00e9<\/a><\/h2><time class=\"w-post-elm post_date usg_post_date_1 entry-date published\" datetime=\"2016-10-15T11:34:55+02:00\"><i class=\"far fa-clock\"><\/i>15. okt\u00f3bra 2016<\/time><div class=\"w-post-elm post_content usg_post_content_1\"><p>Giancarlo Marone, \u0160tatistick\u00fd \u00farad Slovenskej republiky, Slovensk\u00e1 republika<\/p>\n<p> <a href=\"https:\/\/ssad.statistics.sk\/SSaD\/index.php\/polnohospodarstvo-sa-meni-ale-taliansko-a-slovensko-maju-stale-nieco-spolocne\/#more-2057\" class=\"more-link\"><span aria-label=\"\u010c\u00edta\u0165 \u010falej Po\u013enohospod\u00e1rstvo sa men\u00ed, ale Taliansko a Slovensko maj\u00fa st\u00e1le nie\u010do spolo\u010dn\u00e9\">(viac&hellip;)<\/span><\/a><\/p>\n<\/div>\t\t<\/div>\r\n\t<\/article>\r\n\t<article class=\"w-grid-item size_1x1 post-2060 post type-post status-publish format-standard hentry category-4-2016-informativne-clanky-nazory-recenzie-rozhovory-informacie tag-autor-iveta-stankovicova\" data-id=\"2060\">\r\n\t\t<div class=\"w-grid-item-h\">\r\n\t\t\t\t\t\t<h2 class=\"w-post-elm post_title usg_post_title_1 entry-title color_link_inherit\"><a href=\"https:\/\/ssad.statistics.sk\/SSaD\/index.php\/erik-soltes-a-kolektiv-statisticke-metody-pre-ekonomov-zbierka-prikladov\/\">Erik \u0160olt\u00e9s a kolekt\u00edv: \u0160tatistick\u00e9 met\u00f3dy pre ekon\u00f3mov, zbierka pr\u00edkladov<\/a><\/h2><time class=\"w-post-elm post_date usg_post_date_1 entry-date published\" datetime=\"2016-10-15T11:33:42+02:00\"><i class=\"far fa-clock\"><\/i>15. okt\u00f3bra 2016<\/time><div class=\"w-post-elm post_content usg_post_content_1\"><p>Iveta Stankovi\u010dov\u00e1, Fakulta managementu, Univerzita Komensk\u00e9ho v Bratislave, Slovensk\u00e1 republika<\/p>\n<p> <a href=\"https:\/\/ssad.statistics.sk\/SSaD\/index.php\/erik-soltes-a-kolektiv-statisticke-metody-pre-ekonomov-zbierka-prikladov\/#more-2060\" class=\"more-link\"><span aria-label=\"\u010c\u00edta\u0165 \u010falej Erik \u0160olt\u00e9s a kolekt\u00edv: \u0160tatistick\u00e9 met\u00f3dy pre ekon\u00f3mov, zbierka pr\u00edkladov\">(viac&hellip;)<\/span><\/a><\/p>\n<\/div>\t\t<\/div>\r\n\t<\/article>\r\n<\/div><div class=\"w-grid-preloader\"><div class=\"g-preloader type_1\">\r\n\t<div><\/div>\r\n<\/div>\r\n<\/div>\t<div class=\"w-grid-json hidden\" onclick='return {&quot;action&quot;:&quot;us_ajax_grid&quot;,&quot;ajax_url&quot;:&quot;https:\\\/\\\/ssad.statistics.sk\\\/SSaD\\\/wp-admin\\\/admin-ajax.php&quot;,&quot;infinite_scroll&quot;:0,&quot;max_num_pages&quot;:1,&quot;pagination&quot;:&quot;none&quot;,&quot;permalink_url&quot;:&quot;https:\\\/\\\/ssad.statistics.sk\\\/SSaD\\\/wp-json\\\/wp\\\/v2\\\/pages\\\/1909&quot;,&quot;template_vars&quot;:{&quot;columns&quot;:&quot;1&quot;,&quot;exclude_items&quot;:&quot;none&quot;,&quot;img_size&quot;:&quot;default&quot;,&quot;ignore_items_size&quot;:0,&quot;items_layout&quot;:&quot;146&quot;,&quot;items_offset&quot;:&quot;1&quot;,&quot;load_animation&quot;:&quot;none&quot;,&quot;overriding_link&quot;:&quot;none&quot;,&quot;post_id&quot;:2045,&quot;query_args&quot;:{&quot;post_type&quot;:[&quot;post&quot;],&quot;tax_query&quot;:[{&quot;taxonomy&quot;:&quot;category&quot;,&quot;field&quot;:&quot;slug&quot;,&quot;terms&quot;:[&quot;4-2016-informativne-clanky-nazory-recenzie-rozhovory-informacie&quot;]}],&quot;post_status&quot;:[&quot;publish&quot;],&quot;posts_per_page&quot;:&quot;20&quot;},&quot;orderby_query_args&quot;:{&quot;orderby&quot;:{&quot;date&quot;:&quot;DESC&quot;}},&quot;type&quot;:&quot;grid&quot;,&quot;us_grid_ajax_index&quot;:1,&quot;us_grid_filter_params&quot;:null,&quot;us_grid_index&quot;:2,&quot;_us_grid_post_type&quot;:&quot;post&quot;}}'><\/div>\r\n\t<\/div>\n<h2><\/h2>\n<h2><\/h2>\n<h2>PRIPRAVUJEME<\/h2>\n<p>&nbsp;<\/p>\n<h2 class=\"soon1\">Vyu\u017eitie kopula funkci\u00ed pri agreg\u00e1cii riz\u00edk<\/h2>\n<p>Michal P\u00e1le\u0161, Fakulta hospod\u00e1rskej informatiky, Ekonomick\u00e1 univerzita v Bratislave, Slovensk\u00e1 republika<\/p>\n<h2 class=\"soon\">Vizualiz\u00e1cia \u00fadajov pomocou doplnkov Power View a Power Map v programe Microsoft Excel<\/h2>\n<p>Vladim\u00edr Mucha, Fakulta hospod\u00e1rskej informatiky, Ekonomick\u00e1 univerzita v Bratislave, Slovensk\u00e1 republika<\/p>\n<h2 class=\"soon1\">Protekt\u00edvne a rizikov\u00e9 spr\u00e1vanie ako faktor nerovnost\u00ed v zdrav\u00ed na Slovensku<\/h2>\n<p>J\u00e1n Sop\u00f3ci, Anna Hrabovsk\u00e1, Filozofick\u00e1 fakulta, Univerzita Komensk\u00e9ho v Bratislave, Slovensk\u00e1 republika[\/vc_wp_text]<\/p>\n<\/div><\/div><\/div><\/div><\/div><\/div><\/div><\/section>\n","protected":false},"excerpt":{"rendered":"Iveta Stankovi\u010dov\u00e1, Fakulta managementu, Univerzita Komensk\u00e9ho v Bratislave, Slovensk\u00e1 republika Typ \u010dl\u00e1nku: recenzia Strany: 81 - 82 &nbsp; \u010cl\u00e1nok na stiahnutie PDF (1,1 MB, 554 stiahnut\u00ed)","protected":false},"author":4,"featured_media":0,"parent":0,"menu_order":0,"comment_status":"closed","ping_status":"closed","template":"","meta":{"_exactmetrics_skip_tracking":false,"_exactmetrics_sitenote_active":false,"_exactmetrics_sitenote_note":"","_exactmetrics_sitenote_category":0,"footnotes":""},"class_list":["post-1909","page","type-page","status-publish","hentry"],"_links":{"self":[{"href":"https:\/\/ssad.statistics.sk\/SSaD\/index.php\/wp-json\/wp\/v2\/pages\/1909","targetHints":{"allow":["GET"]}}],"collection":[{"href":"https:\/\/ssad.statistics.sk\/SSaD\/index.php\/wp-json\/wp\/v2\/pages"}],"about":[{"href":"https:\/\/ssad.statistics.sk\/SSaD\/index.php\/wp-json\/wp\/v2\/types\/page"}],"author":[{"embeddable":true,"href":"https:\/\/ssad.statistics.sk\/SSaD\/index.php\/wp-json\/wp\/v2\/users\/4"}],"replies":[{"embeddable":true,"href":"https:\/\/ssad.statistics.sk\/SSaD\/index.php\/wp-json\/wp\/v2\/comments?post=1909"}],"version-history":[{"count":9,"href":"https:\/\/ssad.statistics.sk\/SSaD\/index.php\/wp-json\/wp\/v2\/pages\/1909\/revisions"}],"predecessor-version":[{"id":4157,"href":"https:\/\/ssad.statistics.sk\/SSaD\/index.php\/wp-json\/wp\/v2\/pages\/1909\/revisions\/4157"}],"wp:attachment":[{"href":"https:\/\/ssad.statistics.sk\/SSaD\/index.php\/wp-json\/wp\/v2\/media?parent=1909"}],"curies":[{"name":"wp","href":"https:\/\/api.w.org\/{rel}","templated":true}]}}